CRAN Package Check Results for Package metanetwork

Last updated on 2024-06-13 22:49:34 CEST.

Flavor Version Tinstall Tcheck Ttotal Status Flags
r-devel-linux-x86_64-debian-clang 0.7.0 8.77 189.22 197.99 OK
r-devel-linux-x86_64-debian-gcc 0.7.0 0.56 1.59 2.15 ERROR
r-devel-linux-x86_64-fedora-clang 0.7.0 251.33 OK
r-devel-linux-x86_64-fedora-gcc 0.7.0 253.47 OK
r-devel-windows-x86_64 0.7.0 10.00 145.00 155.00 OK
r-patched-linux-x86_64 0.7.0 8.56 183.58 192.14 OK
r-release-linux-x86_64 0.7.0 8.93 177.75 186.68 OK
r-release-macos-arm64 0.7.0 72.00 OK
r-release-macos-x86_64 0.7.0 123.00 OK
r-release-windows-x86_64 0.7.0 10.00 142.00 152.00 OK
r-oldrel-macos-arm64 0.7.0 85.00 OK
r-oldrel-macos-x86_64 0.7.0 108.00 OK
r-oldrel-windows-x86_64 0.7.0 12.00 180.00 192.00 OK

Check Details

Version: 0.7.0
Check: package dependencies
Result: ERROR Packages required but not available: 'GGally', 'network', 'ggplot2', 'intergraph', 'dplyr', 'igraph', 'ggimage', 'sna' Package suggested but not available for checking: ‘testthat’ See section ‘The DESCRIPTION file’ in the ‘Writing R Extensions’ manual. Flavor: r-devel-linux-x86_64-debian-gcc