Last updated on 2024-03-28 23:01:50 CET.
Flavor | Version | Tinstall | Tcheck | Ttotal | Status | Flags |
---|---|---|---|---|---|---|
r-devel-linux-x86_64-debian-clang | 2.2.1 | 95.93 | 536.42 | 632.35 | OK | |
r-devel-linux-x86_64-debian-gcc | 2.2.1 | 77.35 | 416.95 | 494.30 | OK | |
r-devel-linux-x86_64-fedora-clang | 2.2.1 | 859.72 | NOTE | |||
r-devel-linux-x86_64-fedora-gcc | 2.2.1 | 857.54 | NOTE | |||
r-devel-windows-x86_64 | 2.2.1 | 80.00 | 391.00 | 471.00 | OK | |
r-patched-linux-x86_64 | 2.2.1 | 72.25 | 531.66 | 603.91 | OK | |
r-release-linux-x86_64 | 2.2.1 | 69.62 | 538.65 | 608.27 | OK | |
r-release-macos-arm64 | 2.2.1 | 179.00 | OK | |||
r-release-macos-x86_64 | 2.2.1 | 560.00 | OK | |||
r-release-windows-x86_64 | 2.2.1 | 102.00 | 449.00 | 551.00 | OK | |
r-oldrel-macos-arm64 | 2.2.1 | 191.00 | OK | |||
r-oldrel-windows-x86_64 | 2.2.1 | 96.00 | 442.00 | 538.00 | OK |
Version: 2.2.1
Check: data for non-ASCII characters
Result: NOTE
Note: found 3300 marked UTF-8 strings
Flavors: r-devel-linux-x86_64-fedora-clang, r-devel-linux-x86_64-fedora-gcc