Last updated on 2023-09-26 23:04:18 CEST.
Flavor | Version | Tinstall | Tcheck | Ttotal | Status | Flags |
---|---|---|---|---|---|---|
r-devel-linux-x86_64-debian-clang | 1.5.4 | 9.86 | 83.08 | 92.94 | NOTE | |
r-devel-linux-x86_64-debian-gcc | 1.5.4 | 6.79 | 63.52 | 70.31 | NOTE | |
r-devel-linux-x86_64-fedora-clang | 1.5.4 | 112.28 | NOTE | |||
r-devel-linux-x86_64-fedora-gcc | 1.5.4 | 123.12 | NOTE | |||
r-devel-windows-x86_64 | 1.5.4 | 8.00 | 80.00 | 88.00 | NOTE | |
r-patched-linux-x86_64 | 1.5.4 | 9.36 | 79.22 | 88.58 | OK | |
r-release-linux-x86_64 | 1.5.4 | 9.72 | 80.78 | 90.50 | OK | |
r-release-macos-arm64 | 1.5.4 | 40.00 | OK | |||
r-release-macos-x86_64 | 1.5.4 | 75.00 | OK | |||
r-release-windows-x86_64 | 1.5.4 | 11.00 | 92.00 | 103.00 | OK | |
r-oldrel-macos-arm64 | 1.5.4 | 34.00 | OK | |||
r-oldrel-macos-x86_64 | 1.5.4 | 56.00 | OK | |||
r-oldrel-windows-x86_64 | 1.5.4 | 12.00 | 93.00 | 105.00 | OK |
Version: 1.5.4
Check: Rd contents
Result: NOTE
Argument items with no description in Rd object 'predict.mfp':
‘safe’
Flavors: r-devel-linux-x86_64-debian-clang, r-devel-linux-x86_64-debian-gcc, r-devel-linux-x86_64-fedora-clang, r-devel-linux-x86_64-fedora-gcc, r-devel-windows-x86_64