CRAN Package Check Results for Package mfp

Last updated on 2024-02-21 21:49:45 CET.

Flavor Version Tinstall Tcheck Ttotal Status Flags
r-devel-linux-x86_64-debian-clang 1.5.4 NOTE
r-devel-linux-x86_64-debian-gcc 1.5.4 7.42 61.33 68.75 NOTE
r-devel-linux-x86_64-fedora-clang 1.5.4 110.39 NOTE
r-devel-linux-x86_64-fedora-gcc 1.5.4 120.14 NOTE
r-devel-windows-x86_64 1.5.4 8.00 77.00 85.00 NOTE
r-patched-linux-x86_64 1.5.4 9.03 78.22 87.25 OK
r-release-linux-x86_64 1.5.4 6.44 77.62 84.06 OK
r-release-macos-arm64 1.5.4 40.00 OK
r-release-macos-x86_64 1.5.4 75.00 OK
r-release-windows-x86_64 1.5.4 11.00 90.00 101.00 OK
r-oldrel-macos-arm64 1.5.4 34.00 OK
r-oldrel-windows-x86_64 1.5.4 11.00 92.00 103.00 OK

Check Details

Version: 1.5.4
Check: Rd contents
Result: NOTE Argument items with no description in Rd file 'predict.mfp.Rd': ‘safe’ Flavors: r-devel-linux-x86_64-debian-clang, r-devel-linux-x86_64-debian-gcc, r-devel-linux-x86_64-fedora-clang, r-devel-linux-x86_64-fedora-gcc, r-devel-windows-x86_64