CRAN Package Check Results for Package mgcv

Last updated on 2018-04-25 22:47:03 CEST.

Flavor Version Tinstall Tcheck Ttotal Status Flags
r-devel-linux-x86_64-debian-clang 1.8-23 65.53 508.28 573.81 OK
r-devel-linux-x86_64-debian-gcc 1.8-23 57.13 381.16 438.29 OK
r-devel-linux-x86_64-fedora-clang 1.8-23 690.48 OK
r-devel-linux-x86_64-fedora-gcc 1.8-23 657.21 OK
r-devel-windows-ix86+x86_64 1.8-23 127.00 737.00 864.00 OK
r-patched-linux-x86_64 1.8-23 62.19 500.30 562.49 OK
r-patched-solaris-x86 1.8-23 OK
r-release-linux-x86_64 1.8-23 56.56 503.67 560.23 OK
r-release-windows-ix86+x86_64 1.8-23 127.00 737.00 864.00 OK
r-release-osx-x86_64 1.8-23 WARN
r-oldrel-windows-ix86+x86_64 1.8-23 91.00 965.00 1056.00 OK
r-oldrel-osx-x86_64 1.8-23 OK

Check Details

Version: 1.8-23
Check: Rd cross-references
Result: WARN
    package ‘survival’ exists but was not installed under R >= 2.10.0 so xrefs cannot be checked
Flavor: r-release-osx-x86_64