CRAN Package Check Results for Package miRNAss

Last updated on 2019-10-16 22:56:02 CEST.

Flavor Version Tinstall Tcheck Ttotal Status Flags
r-devel-linux-x86_64-debian-clang 1.4 37.41 63.46 100.87 NOTE
r-devel-linux-x86_64-debian-gcc 1.4 23.42 50.21 73.63 NOTE
r-devel-linux-x86_64-fedora-clang 1.4 128.53 NOTE
r-devel-linux-x86_64-fedora-gcc 1.4 122.57 NOTE
r-devel-windows-ix86+x86_64 1.4 86.00 102.00 188.00 OK
r-patched-linux-x86_64 1.4 23.50 61.83 85.33 NOTE
r-patched-solaris-x86 1.4 172.80 OK
r-release-linux-x86_64 1.4 27.12 60.98 88.10 NOTE
r-release-windows-ix86+x86_64 1.4 62.00 153.00 215.00 OK
r-release-osx-x86_64 1.4 OK
r-oldrel-windows-ix86+x86_64 1.4 54.00 93.00 147.00 OK
r-oldrel-osx-x86_64 1.4 OK

Check Details

Version: 1.4
Check: use of SHLIB_OPENMP_*FLAGS in Makefiles
Result: NOTE
     src/Makevars: SHLIB_OPENMP_CXXFLAGS is included in PKG_CXXFLAGS but not in PKG_LIBS
     src/Makevars: SHLIB_OPENMP_CFLAGS is included in PKG_LIBS but linking is by C++
    Use of these macros is discussed in sect 1.2.1.1 of 'Writing R
    Extensions'. The macros for different languages may differ so the
    matching macro must be used in PKG_CXXFLAGS (etc) and match that used
    in PKG_LIBS (except for Fortran: see the manual).
Flavors: r-devel-linux-x86_64-debian-clang, r-devel-linux-x86_64-debian-gcc, r-devel-linux-x86_64-fedora-clang, r-devel-linux-x86_64-fedora-gcc, r-patched-linux-x86_64, r-release-linux-x86_64