CRAN Package Check Results for Package miRNAss

Last updated on 2019-07-17 22:54:34 CEST.

Flavor Version Tinstall Tcheck Ttotal Status Flags
r-devel-linux-x86_64-debian-clang 1.4 32.36 64.05 96.41 NOTE
r-devel-linux-x86_64-debian-gcc 1.4 24.14 51.40 75.54 NOTE
r-devel-linux-x86_64-fedora-clang 1.4 127.47 NOTE
r-devel-linux-x86_64-fedora-gcc 1.4 118.34 NOTE
r-devel-windows-ix86+x86_64 1.4 79.00 105.00 184.00 OK
r-patched-linux-x86_64 1.4 27.28 62.21 89.49 NOTE
r-patched-solaris-x86 1.4 179.70 OK
r-release-linux-x86_64 1.4 27.30 62.20 89.50 NOTE
r-release-windows-ix86+x86_64 1.4 64.00 138.00 202.00 OK
r-release-osx-x86_64 1.4 OK
r-oldrel-windows-ix86+x86_64 1.4 55.00 145.00 200.00 OK
r-oldrel-osx-x86_64 1.4 OK

Check Details

Version: 1.4
Check: use of SHLIB_OPENMP_*FLAGS in Makefiles
Result: NOTE
     src/Makevars: SHLIB_OPENMP_CXXFLAGS is included in PKG_CXXFLAGS but not in PKG_LIBS
     src/Makevars: SHLIB_OPENMP_CFLAGS is included in PKG_LIBS but linking is by C++
    Use of these macros is discussed in sect 1.2.1.1 of 'Writing R
    Extensions'. The macros for different languages may differ so the
    matching macro must be used in PKG_CXXFLAGS (etc) and match that used
    in PKG_LIBS (except for Fortran: see the manual).
Flavors: r-devel-linux-x86_64-debian-clang, r-devel-linux-x86_64-debian-gcc, r-devel-linux-x86_64-fedora-clang, r-devel-linux-x86_64-fedora-gcc, r-patched-linux-x86_64, r-release-linux-x86_64