Last updated on 2024-04-24 23:00:26 CEST.
Flavor | Version | Tinstall | Tcheck | Ttotal | Status | Flags |
---|---|---|---|---|---|---|
r-devel-linux-x86_64-debian-clang | 2.1 | 2.25 | 2.25 | ERROR | ||
r-devel-linux-x86_64-debian-gcc | 2.1 | 26.53 | 234.71 | 261.24 | OK | |
r-devel-linux-x86_64-fedora-clang | 2.1 | 451.18 | OK | |||
r-devel-linux-x86_64-fedora-gcc | 2.1 | 434.63 | OK | |||
r-devel-windows-x86_64 | 2.1 | 28.00 | 227.00 | 255.00 | OK | |
r-patched-linux-x86_64 | 2.1 | 22.79 | 303.74 | 326.53 | OK | |
r-release-linux-x86_64 | 2.1 | 27.82 | 310.19 | 338.01 | OK | |
r-release-macos-arm64 | 2.1 | 141.00 | OK | |||
r-release-macos-x86_64 | 2.1 | 376.00 | OK | |||
r-release-windows-x86_64 | 2.1 | 25.00 | 232.00 | 257.00 | OK | |
r-oldrel-macos-arm64 | 2.1 | 131.00 | OK | |||
r-oldrel-macos-x86_64 | 2.1 | 405.00 | OK | |||
r-oldrel-windows-x86_64 | 2.1 | 25.00 | 289.00 | 314.00 | OK |
Version: 2.1
Check: package dependencies
Result: ERROR
Packages required but not available: 'globaltest', 'GlobalAncova'
See section ‘The DESCRIPTION file’ in the ‘Writing R Extensions’
manual.
Flavor: r-devel-linux-x86_64-debian-clang