Last updated on 2023-06-05 23:09:35 CEST.
Flavor | Version | Tinstall | Tcheck | Ttotal | Status | Flags |
---|---|---|---|---|---|---|
r-devel-linux-x86_64-debian-clang | 0.4.4 | 18.77 | 181.03 | 199.80 | OK | |
r-devel-linux-x86_64-debian-gcc | 0.4.4 | 15.20 | 134.69 | 149.89 | OK | |
r-devel-linux-x86_64-fedora-clang | 0.4.4 | 262.33 | NOTE | |||
r-devel-linux-x86_64-fedora-gcc | 0.4.4 | 276.25 | NOTE | |||
r-devel-windows-x86_64 | 0.4.4 | 15.00 | 208.00 | 223.00 | OK | |
r-patched-linux-x86_64 | 0.4.4 | 22.25 | 167.69 | 189.94 | OK | |
r-release-linux-x86_64 | 0.4.4 | 14.31 | 169.10 | 183.41 | OK | |
r-release-macos-arm64 | 0.4.4 | 80.00 | OK | |||
r-release-macos-x86_64 | 0.4.4 | 122.00 | OK | |||
r-release-windows-x86_64 | 0.4.4 | 22.00 | 197.00 | 219.00 | OK | |
r-oldrel-macos-arm64 | 0.4.4 | 74.00 | OK | |||
r-oldrel-macos-x86_64 | 0.4.4 | 113.00 | OK | |||
r-oldrel-windows-x86_64 | 0.4.4 | 22.00 | 248.00 | 270.00 | OK |
Version: 0.4.4
Check: for detritus in the temp directory
Result: NOTE
Found the following files/directories:
‘par-7269706c6579’
Flavors: r-devel-linux-x86_64-fedora-clang, r-devel-linux-x86_64-fedora-gcc