Last updated on 2023-12-04 22:57:46 CET.
Flavor | Version | Tinstall | Tcheck | Ttotal | Status | Flags |
---|---|---|---|---|---|---|
r-devel-linux-x86_64-debian-clang | 0.4.4 | 17.36 | 173.99 | 191.35 | OK | |
r-devel-linux-x86_64-debian-gcc | 0.4.4 | 13.05 | 130.05 | 143.10 | OK | |
r-devel-linux-x86_64-fedora-clang | 0.4.4 | 257.14 | NOTE | |||
r-devel-linux-x86_64-fedora-gcc | 0.4.4 | 252.31 | NOTE | |||
r-devel-windows-x86_64 | 0.4.4 | 15.00 | 156.00 | 171.00 | OK | |
r-patched-linux-x86_64 | 0.4.4 | 18.89 | 166.25 | 185.14 | OK | |
r-release-linux-x86_64 | 0.4.4 | 11.03 | 165.85 | 176.88 | OK | |
r-release-macos-arm64 | 0.4.4 | 80.00 | OK | |||
r-release-macos-x86_64 | 0.4.4 | 122.00 | OK | |||
r-release-windows-x86_64 | 0.4.4 | 20.00 | 189.00 | 209.00 | OK | |
r-oldrel-macos-arm64 | 0.4.4 | 74.00 | OK | |||
r-oldrel-macos-x86_64 | 0.4.4 | 113.00 | OK | |||
r-oldrel-windows-x86_64 | 0.4.4 | 23.00 | 263.00 | 286.00 | OK |
Version: 0.4.4
Check: for detritus in the temp directory
Result: NOTE
Found the following files/directories:
‘par-7269706c6579’
Flavors: r-devel-linux-x86_64-fedora-clang, r-devel-linux-x86_64-fedora-gcc