CRAN Package Check Results for Package miceadds

Last updated on 2021-03-02 22:57:01 CET.

Flavor Version Tinstall Tcheck Ttotal Status Flags
r-devel-linux-x86_64-debian-clang 3.11-6 OK
r-devel-linux-x86_64-debian-gcc 3.11-6 109.01 102.55 211.56 OK
r-devel-linux-x86_64-fedora-clang 3.11-6 399.93 NOTE
r-devel-linux-x86_64-fedora-gcc 3.11-6 357.99 OK
r-devel-windows-ix86+x86_64 3.11-6 346.00 245.00 591.00 OK
r-patched-linux-x86_64 3.11-6 128.09 127.08 255.17 OK
r-patched-solaris-x86 3.11-6 361.70 OK
r-release-linux-x86_64 3.11-6 122.50 131.71 254.21 OK
r-release-macos-x86_64 3.11-6 NOTE
r-release-windows-ix86+x86_64 3.11-6 282.00 214.00 496.00 OK
r-oldrel-macos-x86_64 3.11-6 NOTE
r-oldrel-windows-ix86+x86_64 3.11-6 319.00 206.00 525.00 OK

Check Details

Version: 3.11-6
Check: installed package size
Result: NOTE
     installed size is 8.1Mb
     sub-directories of 1Mb or more:
     libs 6.5Mb
Flavors: r-devel-linux-x86_64-fedora-clang, r-release-macos-x86_64, r-oldrel-macos-x86_64