Last updated on 2024-04-22 23:09:56 CEST.
Flavor | Version | Tinstall | Tcheck | Ttotal | Status | Flags |
---|---|---|---|---|---|---|
r-devel-linux-x86_64-debian-clang | 0.0.20 | 0.59 | 2.41 | 3.00 | ERROR | |
r-devel-linux-x86_64-debian-gcc | 0.0.20 | 39.95 | 388.05 | 428.00 | OK | |
r-devel-linux-x86_64-fedora-clang | 0.0.20 | 766.32 | NOTE | |||
r-devel-linux-x86_64-fedora-gcc | 0.0.20 | 721.40 | NOTE | |||
r-prerel-macos-arm64 | 0.0.20 | 197.00 | OK | |||
r-prerel-macos-x86_64 | 0.0.20 | 353.00 | NOTE | |||
r-prerel-windows-x86_64 | 0.0.20 | 45.00 | 369.00 | 414.00 | OK | |
r-patched-linux-x86_64 | 0.0.20 | 31.44 | 499.58 | 531.02 | OK | |
r-release-linux-x86_64 | 0.0.20 | 42.10 | 516.67 | 558.77 | OK | |
r-release-macos-arm64 | 0.0.20 | 9.00 | ERROR | |||
r-release-macos-x86_64 | 0.0.20 | 6.00 | ERROR | |||
r-release-windows-x86_64 | 0.0.20 | 57.00 | 501.00 | 558.00 | OK | |
r-oldrel-macos-arm64 | 0.0.20 | 158.00 | NOTE | |||
r-oldrel-windows-x86_64 | 0.0.20 | 57.00 | 473.00 | 530.00 | OK |
Version: 0.0.20
Check: package dependencies
Result: ERROR
Packages required but not available:
'phyloseq', 'DESeq2', 'SummarizedExperiment'
Packages suggested but not available for checking:
'dada2', 'Biostrings', 'DECIPHER'
See section ‘The DESCRIPTION file’ in the ‘Writing R Extensions’
manual.
Flavor: r-devel-linux-x86_64-debian-clang
Version: 0.0.20
Check: dependencies in R code
Result: NOTE
Namespace in Imports field not imported from: ‘testthat’
All declared Imports should be used.
Flavors: r-devel-linux-x86_64-fedora-clang, r-devel-linux-x86_64-fedora-gcc, r-oldrel-macos-arm64
Version: 0.0.20
Check: package dependencies
Result: NOTE
Package suggested but not available for checking: ‘DECIPHER’
Flavor: r-prerel-macos-x86_64
Version: 0.0.20
Check: package dependencies
Result: ERROR
Package required but not available: ‘phyloseq’
Package suggested but not available for checking: ‘dada2’
See section ‘The DESCRIPTION file’ in the ‘Writing R Extensions’
manual.
Flavors: r-release-macos-arm64, r-release-macos-x86_64
Version: 0.0.20
Check: package dependencies
Result: NOTE
Package suggested but not available for checking: ‘dada2’
Flavor: r-oldrel-macos-arm64