Last updated on 2023-01-29 23:03:13 CET.
Flavor | Version | Tinstall | Tcheck | Ttotal | Status | Flags |
---|---|---|---|---|---|---|
r-devel-linux-x86_64-debian-clang | 0.0.20 | 47.54 | 526.18 | 573.72 | OK | |
r-devel-linux-x86_64-debian-gcc | 0.0.20 | 41.09 | 385.34 | 426.43 | OK | |
r-devel-linux-x86_64-fedora-clang | 0.0.20 | 751.62 | NOTE | |||
r-devel-linux-x86_64-fedora-gcc | 0.0.20 | 749.77 | NOTE | |||
r-devel-windows-x86_64 | 0.0.20 | 62.00 | 554.00 | 616.00 | OK | |
r-patched-linux-x86_64 | 0.0.20 | 51.44 | 506.48 | 557.92 | OK | |
r-release-linux-x86_64 | 0.0.20 | 52.05 | 506.29 | 558.34 | OK | |
r-release-macos-arm64 | 0.0.20 | 158.00 | NOTE | |||
r-release-macos-x86_64 | 0.0.20 | 298.00 | NOTE | |||
r-release-windows-x86_64 | 0.0.20 | 69.00 | 552.00 | 621.00 | OK | |
r-oldrel-macos-arm64 | 0.0.20 | 107.00 | NOTE | |||
r-oldrel-macos-x86_64 | 0.0.20 | 232.00 | NOTE | |||
r-oldrel-windows-ix86+x86_64 | 0.0.20 | 108.00 | 523.00 | 631.00 | OK |
Version: 0.0.20
Check: dependencies in R code
Result: NOTE
Namespace in Imports field not imported from: ‘testthat’
All declared Imports should be used.
Flavors: r-devel-linux-x86_64-fedora-clang, r-devel-linux-x86_64-fedora-gcc, r-release-macos-arm64, r-release-macos-x86_64, r-oldrel-macos-arm64, r-oldrel-macos-x86_64
Version: 0.0.20
Check: package dependencies
Result: NOTE
Package suggested but not available for checking: ‘dada2’
Flavors: r-release-macos-arm64, r-oldrel-macos-arm64
Version: 0.0.20
Check: package dependencies
Result: NOTE
Packages suggested but not available for checking: 'dada2', 'DECIPHER'
Flavor: r-oldrel-macos-x86_64