Last updated on 2024-04-23 22:55:28 CEST.
Flavor | Version | Tinstall | Tcheck | Ttotal | Status | Flags |
---|---|---|---|---|---|---|
r-devel-linux-x86_64-debian-clang | 0.3.1 | 104.15 | 141.35 | 245.50 | NOTE | |
r-devel-linux-x86_64-debian-gcc | 0.3.1 | 84.12 | 108.39 | 192.51 | NOTE | |
r-devel-linux-x86_64-fedora-clang | 0.3.1 | 361.24 | NOTE | |||
r-devel-linux-x86_64-fedora-gcc | 0.3.1 | 364.33 | NOTE | |||
r-prerel-macos-arm64 | 0.3.1 | 90.00 | NOTE | |||
r-prerel-windows-x86_64 | 0.3.1 | 84.00 | 148.00 | 232.00 | NOTE | |
r-patched-linux-x86_64 | 0.3.1 | 104.25 | 135.86 | 240.11 | NOTE | |
r-release-linux-x86_64 | 0.3.1 | 101.86 | 133.08 | 234.94 | NOTE | |
r-release-macos-arm64 | 0.3.1 | 106.00 | NOTE | |||
r-release-macos-x86_64 | 0.3.1 | 180.00 | NOTE | |||
r-release-windows-x86_64 | 0.3.1 | 109.00 | 179.00 | 288.00 | NOTE | |
r-oldrel-macos-arm64 | 0.3.1 | 105.00 | NOTE | |||
r-oldrel-windows-x86_64 | 0.3.1 | 106.00 | 176.00 | 282.00 | NOTE |
Version: 0.3.1
Check: C++ specification
Result: NOTE
Specified C++11: please drop specification unless essential
Flavors: r-devel-linux-x86_64-debian-clang, r-devel-linux-x86_64-debian-gcc, r-devel-linux-x86_64-fedora-clang, r-devel-linux-x86_64-fedora-gcc, r-prerel-macos-arm64, r-prerel-windows-x86_64, r-patched-linux-x86_64, r-release-linux-x86_64, r-release-macos-arm64, r-release-macos-x86_64, r-release-windows-x86_64
Version: 0.3.1
Check: Rd files
Result: NOTE
checkRd: (-1) milr.Rd:45: Lost braces in \itemize; \value handles \item{}{} directly
checkRd: (-1) milr.Rd:46-47: Lost braces in \itemize; \value handles \item{}{} directly
checkRd: (-1) milr.Rd:48: Lost braces in \itemize; \value handles \item{}{} directly
checkRd: (-1) milr.Rd:49: Lost braces in \itemize; \value handles \item{}{} directly
checkRd: (-1) milr.Rd:50: Lost braces in \itemize; \value handles \item{}{} directly
checkRd: (-1) milr.Rd:51-52: Lost braces in \itemize; \value handles \item{}{} directly
Flavors: r-devel-linux-x86_64-debian-clang, r-devel-linux-x86_64-debian-gcc, r-devel-linux-x86_64-fedora-clang, r-devel-linux-x86_64-fedora-gcc, r-prerel-macos-arm64, r-prerel-windows-x86_64, r-patched-linux-x86_64
Version: 0.3.1
Check: LazyData
Result: NOTE
'LazyData' is specified without a 'data' directory
Flavors: r-devel-linux-x86_64-debian-clang, r-devel-linux-x86_64-debian-gcc, r-devel-linux-x86_64-fedora-clang, r-devel-linux-x86_64-fedora-gcc, r-prerel-macos-arm64, r-prerel-windows-x86_64, r-patched-linux-x86_64, r-release-linux-x86_64, r-release-macos-arm64, r-release-macos-x86_64, r-release-windows-x86_64, r-oldrel-macos-arm64, r-oldrel-windows-x86_64