CRAN Package Check Results for Package mined

Last updated on 2023-12-06 23:12:06 CET.

Flavor Version Tinstall Tcheck Ttotal Status Flags
r-devel-linux-x86_64-debian-clang 1.0-3 69.86 33.71 103.57 NOTE
r-devel-linux-x86_64-debian-gcc 1.0-3 50.12 29.37 79.49 NOTE
r-devel-linux-x86_64-fedora-clang 1.0-3 146.46 NOTE
r-devel-linux-x86_64-fedora-gcc 1.0-3 155.61 NOTE
r-devel-windows-x86_64 1.0-3 52.00 74.00 126.00 NOTE
r-patched-linux-x86_64 1.0-3 61.15 35.76 96.91 NOTE
r-release-linux-x86_64 1.0-3 59.55 35.82 95.37 NOTE
r-release-macos-arm64 1.0-3 46.00 NOTE
r-release-macos-x86_64 1.0-3 79.00 NOTE
r-release-windows-x86_64 1.0-3 64.00 79.00 143.00 NOTE
r-oldrel-macos-arm64 1.0-3 36.00 NOTE
r-oldrel-macos-x86_64 1.0-3 54.00 NOTE
r-oldrel-windows-x86_64 1.0-3 62.00 78.00 140.00 OK

Check Details

Version: 1.0-3
Check: C++ specification
Result: NOTE Specified C++11: please drop specification unless essential Flavors: r-devel-linux-x86_64-debian-clang, r-devel-linux-x86_64-debian-gcc, r-devel-linux-x86_64-fedora-clang, r-devel-linux-x86_64-fedora-gcc, r-devel-windows-x86_64, r-patched-linux-x86_64, r-release-linux-x86_64, r-release-macos-arm64, r-release-macos-x86_64, r-release-windows-x86_64

Version: 1.0-3
Check: installed package size
Result: NOTE installed size is 22.3Mb sub-directories of 1Mb or more: libs 22.2Mb Flavors: r-release-macos-arm64, r-release-macos-x86_64, r-oldrel-macos-arm64, r-oldrel-macos-x86_64