CRAN Package Check Results for Package minpack.lm

Last updated on 2018-10-16 22:56:24 CEST.

Flavor Version Tinstall Tcheck Ttotal Status Flags
r-devel-linux-x86_64-debian-clang 1.2-1 4.70 19.75 24.45 OK
r-devel-linux-x86_64-debian-gcc 1.2-1 3.60 16.54 20.14 OK
r-devel-linux-x86_64-fedora-clang 1.2-1 29.59 NOTE
r-devel-linux-x86_64-fedora-gcc 1.2-1 28.61 NOTE
r-devel-windows-ix86+x86_64 1.2-1 36.00 58.00 94.00 OK
r-patched-linux-x86_64 1.2-1 4.16 18.44 22.60 OK
r-patched-solaris-x86 1.2-1 40.50 OK
r-release-linux-x86_64 1.2-1 4.58 18.83 23.41 OK
r-release-windows-ix86+x86_64 1.2-1 30.00 50.00 80.00 OK
r-release-osx-x86_64 1.2-1 OK
r-oldrel-windows-ix86+x86_64 1.2-1 33.00 36.00 69.00 OK
r-oldrel-osx-x86_64 1.2-1 OK

Check Details

Version: 1.2-1
Check: compiled code
Result: NOTE
    File ‘minpack.lm/libs/minpack.lm.so’:
     Found no calls to: ‘R_registerRoutines’, ‘R_useDynamicSymbols’
    
    It is good practice to register native routines and to disable symbol
    search.
    
    See ‘Writing portable packages’ in the ‘Writing R Extensions’ manual.
Flavors: r-devel-linux-x86_64-fedora-clang, r-devel-linux-x86_64-fedora-gcc