CRAN Package Check Results for Package minpack.lm

Last updated on 2017-11-18 22:47:43.

Flavor Version Tinstall Tcheck Ttotal Status Flags
r-devel-linux-x86_64-debian-clang 1.2-1 2.88 12.52 15.40 NOTE
r-devel-linux-x86_64-debian-gcc 1.2-1 10.72 13.50 24.22 NOTE
r-devel-linux-x86_64-fedora-clang 1.2-1 24.27 NOTE
r-devel-linux-x86_64-fedora-gcc 1.2-1 23.35 NOTE
r-devel-windows-ix86+x86_64 1.2-1 47.00 47.00 94.00 OK
r-patched-linux-x86_64 1.2-1 2.68 12.63 15.31 NOTE
r-patched-solaris-x86 1.2-1 36.10 OK
r-release-linux-x86_64 1.2-1 2.82 12.58 15.40 NOTE
r-release-windows-ix86+x86_64 1.2-1 24.00 41.00 65.00 OK
r-release-osx-x86_64 1.2-1 OK
r-oldrel-windows-ix86+x86_64 1.2-1 23.00 38.00 61.00 OK
r-oldrel-osx-x86_64 1.2-1 OK

Check Details

Version: 1.2-1
Check: compiled code
Result: NOTE
    File ‘minpack.lm/libs/minpack.lm.so’:
     Found no calls to: ‘R_registerRoutines’, ‘R_useDynamicSymbols’
    
    It is good practice to register native routines and to disable symbol
    search.
    
    See ‘Writing portable packages’ in the ‘Writing R Extensions’ manual.
Flavors: r-devel-linux-x86_64-debian-clang, r-devel-linux-x86_64-debian-gcc, r-devel-linux-x86_64-fedora-clang, r-devel-linux-x86_64-fedora-gcc, r-patched-linux-x86_64, r-release-linux-x86_64