CRAN Package Check Results for Package minpack.lm

Last updated on 2018-07-17 22:50:44 CEST.

Flavor Version Tinstall Tcheck Ttotal Status Flags
r-devel-linux-x86_64-debian-clang 1.2-1 4.25 19.51 23.76 NOTE
r-devel-linux-x86_64-debian-gcc 1.2-1 3.42 15.48 18.90 NOTE
r-devel-linux-x86_64-fedora-clang 1.2-1 28.43 NOTE
r-devel-linux-x86_64-fedora-gcc 1.2-1 28.63 NOTE
r-devel-windows-ix86+x86_64 1.2-1 35.00 55.00 90.00 OK
r-patched-linux-x86_64 1.2-1 4.25 18.71 22.96 NOTE
r-patched-solaris-x86 1.2-1 42.80 OK
r-release-linux-x86_64 1.2-1 4.20 18.69 22.89 NOTE
r-release-windows-ix86+x86_64 1.2-1 30.00 58.00 88.00 OK
r-release-osx-x86_64 1.2-1 OK
r-oldrel-windows-ix86+x86_64 1.2-1 24.00 31.00 55.00 OK
r-oldrel-osx-x86_64 1.2-1 OK

Check Details

Version: 1.2-1
Check: compiled code
Result: NOTE
    File ‘minpack.lm/libs/minpack.lm.so’:
     Found no calls to: ‘R_registerRoutines’, ‘R_useDynamicSymbols’
    
    It is good practice to register native routines and to disable symbol
    search.
    
    See ‘Writing portable packages’ in the ‘Writing R Extensions’ manual.
Flavors: r-devel-linux-x86_64-debian-clang, r-devel-linux-x86_64-debian-gcc, r-devel-linux-x86_64-fedora-clang, r-devel-linux-x86_64-fedora-gcc, r-patched-linux-x86_64, r-release-linux-x86_64