CRAN Package Check Results for Package misclassGLM

Last updated on 2019-11-18 22:47:16 CET.

Flavor Version Tinstall Tcheck Ttotal Status Flags
r-devel-linux-x86_64-debian-clang 0.2.0 11.55 64.60 76.15 OK
r-devel-linux-x86_64-debian-gcc 0.2.0 8.53 50.65 59.18 OK
r-devel-linux-x86_64-fedora-clang 0.2.0 86.85 NOTE
r-devel-linux-x86_64-fedora-gcc 0.2.0 87.87 NOTE
r-devel-windows-ix86+x86_64 0.2.0 31.00 120.00 151.00 OK
r-patched-linux-x86_64 0.2.0 9.05 59.97 69.02 OK
r-patched-solaris-x86 0.2.0 137.30 OK
r-release-linux-x86_64 0.2.0 9.17 59.60 68.77 OK
r-release-windows-ix86+x86_64 0.2.0 21.00 137.00 158.00 OK
r-release-osx-x86_64 0.2.0 OK
r-oldrel-windows-ix86+x86_64 0.2.0 14.00 146.00 160.00 OK
r-oldrel-osx-x86_64 0.2.0 OK

Check Details

Version: 0.2.0
Check: compiled code
Result: NOTE
    File ‘misclassGLM/libs/misclassGLM.so’:
     Found no calls to: ‘R_registerRoutines’, ‘R_useDynamicSymbols’
    
    It is good practice to register native routines and to disable symbol
    search.
    
    See ‘Writing portable packages’ in the ‘Writing R Extensions’ manual.
Flavors: r-devel-linux-x86_64-fedora-clang, r-devel-linux-x86_64-fedora-gcc