Last updated on 2023-03-21 22:56:12 CET.
Flavor | Version | Tinstall | Tcheck | Ttotal | Status | Flags |
---|---|---|---|---|---|---|
r-devel-linux-x86_64-debian-clang | 0.3.0 | 17.63 | 136.13 | 153.76 | OK | |
r-devel-linux-x86_64-debian-gcc | 0.3.0 | 13.48 | 101.67 | 115.15 | OK | |
r-devel-linux-x86_64-fedora-clang | 0.3.0 | 188.01 | OK | |||
r-devel-linux-x86_64-fedora-gcc | 0.3.0 | 175.15 | OK | |||
r-patched-linux-x86_64 | 0.3.0 | 14.45 | 127.75 | 142.20 | OK | |
r-release-linux-x86_64 | 0.3.0 | 13.00 | 126.17 | 139.17 | OK | |
r-release-macos-arm64 | 0.3.0 | 37.00 | OK | |||
r-release-macos-x86_64 | 0.3.0 | 74.00 | OK | |||
r-release-windows-x86_64 | 0.3.0 | 37.00 | 167.00 | 204.00 | OK | |
r-oldrel-macos-arm64 | 0.3.0 | 48.00 | OK | |||
r-oldrel-macos-x86_64 | 0.3.0 | 74.00 | OK | |||
r-oldrel-windows-ix86+x86_64 | 0.3.0 | 39.00 | 157.00 | 196.00 | NOTE |
Version: 0.3.0
Check: R code for possible problems
Result: NOTE
Initiating curl with CURL_SSL_BACKEND: openssl
Flavor: r-oldrel-windows-ix86+x86_64