Last updated on 2023-09-30 22:59:12 CEST.
Flavor | Version | Tinstall | Tcheck | Ttotal | Status | Flags |
---|---|---|---|---|---|---|
r-devel-linux-x86_64-debian-clang | 1.5.0 | 35.30 | 618.33 | 653.63 | OK | |
r-devel-linux-x86_64-debian-gcc | 1.5.0 | 30.61 | 451.41 | 482.02 | OK | |
r-devel-linux-x86_64-fedora-clang | 1.5.0 | 779.53 | NOTE | |||
r-devel-linux-x86_64-fedora-gcc | 1.5.0 | 790.91 | NOTE | |||
r-devel-windows-x86_64 | 1.5.0 | 29.00 | 428.00 | 457.00 | OK | |
r-patched-linux-x86_64 | 1.5.0 | 37.67 | 596.23 | 633.90 | OK | |
r-release-linux-x86_64 | 1.5.0 | 29.97 | 597.18 | 627.15 | OK | |
r-release-macos-arm64 | 1.5.0 | 218.00 | OK | |||
r-release-macos-x86_64 | 1.5.0 | 379.00 | OK | |||
r-release-windows-x86_64 | 1.5.0 | 169.00 | 591.00 | 760.00 | OK | |
r-oldrel-macos-arm64 | 1.5.0 | 114.00 | OK | |||
r-oldrel-macos-x86_64 | 1.5.0 | 251.00 | OK | |||
r-oldrel-windows-x86_64 | 1.5.0 | 39.00 | 634.00 | 673.00 | OK |
Version: 1.5.0
Check: dependencies in R code
Result: NOTE
Namespace in Imports field not imported from: ‘mcmcr’
All declared Imports should be used.
Flavors: r-devel-linux-x86_64-fedora-clang, r-devel-linux-x86_64-fedora-gcc