CRAN Package Check Results for Package mistral

Last updated on 2023-01-29 23:03:14 CET.

Flavor Version Tinstall Tcheck Ttotal Status Flags
r-devel-linux-x86_64-debian-clang 2.2.1 36.00 503.55 539.55 NOTE
r-devel-linux-x86_64-debian-gcc 2.2.1 28.30 365.34 393.64 NOTE
r-devel-linux-x86_64-fedora-clang 2.2.1 858.35 NOTE
r-devel-linux-x86_64-fedora-gcc 2.2.1 719.98 NOTE
r-devel-windows-x86_64 2.2.1 70.00 594.00 664.00 NOTE
r-patched-linux-x86_64 2.2.1 33.16 498.00 531.16 OK
r-release-linux-x86_64 2.2.1 34.14 617.55 651.69 OK
r-release-macos-arm64 2.2.1 244.00 OK
r-release-macos-x86_64 2.2.1 404.00 OK
r-release-windows-x86_64 2.2.1 59.00 668.00 727.00 OK
r-oldrel-macos-arm64 2.2.1 245.00 OK
r-oldrel-macos-x86_64 2.2.1 356.00 OK
r-oldrel-windows-ix86+x86_64 2.2.1 82.00 646.00 728.00 OK

Check Details

Version: 2.2.1
Check: Rd files
Result: NOTE
    checkRd: (-1) AKMCS.Rd:215: Escaped LaTeX specials: \&
    checkRd: (-1) BMP.Rd:164: Escaped LaTeX specials: \&
    checkRd: (-1) IRW.Rd:144: Escaped LaTeX specials: \&
    checkRd: (-1) IRW.Rd:151: Escaped LaTeX specials: \&
    checkRd: (-1) MP.Rd:142: Escaped LaTeX specials: \&
    checkRd: (-1) MetropolisHastings.Rd:58: Escaped LaTeX specials: \&
    checkRd: (-1) SubsetSimulation.Rd:152: Escaped LaTeX specials: \&
    checkRd: (-1) oscillator_d6.Rd:14: Escaped LaTeX specials: \&
Flavors: r-devel-linux-x86_64-debian-clang, r-devel-linux-x86_64-debian-gcc, r-devel-linux-x86_64-fedora-clang, r-devel-linux-x86_64-fedora-gcc, r-devel-windows-x86_64