Last updated on 2023-06-04 23:00:04 CEST.
Flavor | Version | Tinstall | Tcheck | Ttotal | Status | Flags |
---|---|---|---|---|---|---|
r-devel-linux-x86_64-debian-clang | 0.4-5 | 20.05 | 212.34 | 232.39 | OK | |
r-devel-linux-x86_64-debian-gcc | 0.4-5 | 16.12 | 153.52 | 169.64 | OK | |
r-devel-linux-x86_64-fedora-clang | 0.4-5 | 284.54 | OK | |||
r-devel-linux-x86_64-fedora-gcc | 0.4-5 | 291.46 | OK | |||
r-devel-windows-x86_64 | 0.4-5 | 16.00 | 168.00 | 184.00 | OK | |
r-patched-linux-x86_64 | 0.4-5 | 18.39 | 194.27 | 212.66 | OK | |
r-release-linux-x86_64 | 0.4-5 | 13.78 | 196.37 | 210.15 | OK | |
r-release-macos-arm64 | 0.4-5 | 93.00 | OK | |||
r-release-macos-x86_64 | 0.4-5 | 119.00 | NOTE | |||
r-release-windows-x86_64 | 0.4-5 | 21.00 | 205.00 | 226.00 | OK | |
r-oldrel-macos-arm64 | 0.4-5 | 62.00 | OK | |||
r-oldrel-macos-x86_64 | 0.4-5 | 97.00 | OK | |||
r-oldrel-windows-x86_64 | 0.4-5 | 21.00 | 200.00 | 221.00 | OK |
Version: 0.4-5
Check: package dependencies
Result: NOTE
Package suggested but not available for checking: ‘glmmTMB’
Flavor: r-release-macos-x86_64