CRAN Package Check Results for Package mix

Last updated on 2018-12-16 22:51:48 CET.

Flavor Version Tinstall Tcheck Ttotal Status Flags
r-devel-linux-x86_64-debian-clang 1.0-10 4.20 2.36 6.56 ERROR
r-devel-linux-x86_64-debian-gcc 1.0-10 3.10 1.57 4.67 ERROR
r-devel-linux-x86_64-fedora-clang 1.0-10 31.85 OK
r-devel-linux-x86_64-fedora-gcc 1.0-10 30.72 OK
r-devel-windows-ix86+x86_64 1.0-10 19.00 41.00 60.00 OK
r-patched-linux-x86_64 1.0-10 3.60 21.37 24.97 OK
r-patched-solaris-x86 1.0-10 44.50 OK
r-release-linux-x86_64 1.0-10 4.05 22.04 26.09 OK
r-release-windows-ix86+x86_64 1.0-10 19.00 44.00 63.00 OK
r-release-osx-x86_64 1.0-10 OK
r-oldrel-windows-ix86+x86_64 1.0-10 12.00 52.00 64.00 OK
r-oldrel-osx-x86_64 1.0-10 OK

Check Details

Version: 1.0-10
Check: whether the package can be loaded
Result: ERROR
    Loading this package had a fatal error status code 1
    Loading log:
    Error: package or namespace load failed for ‘mix’ in dyn.load(file, DLLpath = DLLpath, ...):
     unable to load shared object ‘/home/hornik/tmp/R.check/r-devel-clang/Work/build/Packages/mix/libs/mix.so’:
     /home/hornik/tmp/R.check/r-devel-clang/Work/build/Packages/mix/libs/mix.so: failed to map segment from shared object
    Execution halted
Flavor: r-devel-linux-x86_64-debian-clang

Version: 1.0-10
Check: whether the package can be loaded
Result: ERROR
    Loading this package had a fatal error status code 1
    Loading log:
    Error: package or namespace load failed for ‘mix’ in dyn.load(file, DLLpath = DLLpath, ...):
     unable to load shared object ‘/home/hornik/tmp/R.check/r-devel-gcc/Work/build/Packages/mix/libs/mix.so’:
     /home/hornik/tmp/R.check/r-devel-gcc/Work/build/Packages/mix/libs/mix.so: failed to map segment from shared object
    Execution halted
Flavor: r-devel-linux-x86_64-debian-gcc