Last updated on 2024-04-17 22:59:59 CEST.
Flavor | Version | Tinstall | Tcheck | Ttotal | Status | Flags |
---|---|---|---|---|---|---|
r-devel-linux-x86_64-debian-clang | 1.1.0 | 9.38 | 60.16 | 69.54 | NOTE | |
r-devel-linux-x86_64-debian-gcc | 1.1.0 | 6.98 | 44.85 | 51.83 | NOTE | |
r-devel-linux-x86_64-fedora-clang | 1.1.0 | 85.35 | NOTE | |||
r-devel-linux-x86_64-fedora-gcc | 1.1.0 | 83.32 | NOTE | |||
r-prerel-macos-arm64 | 1.1.0 | 33.00 | NOTE | |||
r-prerel-windows-x86_64 | 1.1.0 | 10.00 | 67.00 | 77.00 | NOTE | |
r-patched-linux-x86_64 | 1.1.0 | 16.06 | 56.36 | 72.42 | NOTE | |
r-release-linux-x86_64 | 1.1.0 | 5.71 | 56.33 | 62.04 | OK | |
r-release-macos-arm64 | 1.1.0 | 27.00 | OK | |||
r-release-macos-x86_64 | 1.1.0 | 71.00 | NOTE | |||
r-release-windows-x86_64 | 1.1.0 | 13.00 | 77.00 | 90.00 | OK | |
r-oldrel-macos-arm64 | 1.1.0 | 31.00 | OK | |||
r-oldrel-windows-x86_64 | 1.1.0 | 13.00 | 76.00 | 89.00 | OK |
Version: 1.1.0
Check: Rd files
Result: NOTE
checkRd: (-1) geom_cap_logos.Rd:103: Lost braces in \itemize; meant \describe ?
checkRd: (-1) geom_cap_logos.Rd:104: Lost braces in \itemize; meant \describe ?
checkRd: (-1) geom_cap_logos.Rd:105: Lost braces in \itemize; meant \describe ?
checkRd: (-1) geom_cap_logos.Rd:106: Lost braces in \itemize; meant \describe ?
checkRd: (-1) geom_cap_logos.Rd:107: Lost braces in \itemize; meant \describe ?
checkRd: (-1) geom_cap_logos.Rd:108: Lost braces in \itemize; meant \describe ?
checkRd: (-1) geom_cap_logos.Rd:109: Lost braces in \itemize; meant \describe ?
checkRd: (-1) geom_cap_logos.Rd:110: Lost braces in \itemize; meant \describe ?
checkRd: (-1) geom_cap_logos.Rd:111-115: Lost braces in \itemize; meant \describe ?
checkRd: (-1) geom_cap_logos.Rd:116-120: Lost braces in \itemize; meant \describe ?
checkRd: (-1) geom_from_path.Rd:85: Lost braces in \itemize; meant \describe ?
checkRd: (-1) geom_from_path.Rd:86: Lost braces in \itemize; meant \describe ?
checkRd: (-1) geom_from_path.Rd:87: Lost braces in \itemize; meant \describe ?
checkRd: (-1) geom_from_path.Rd:88: Lost braces in \itemize; meant \describe ?
checkRd: (-1) geom_from_path.Rd:89: Lost braces in \itemize; meant \describe ?
checkRd: (-1) geom_from_path.Rd:90: Lost braces in \itemize; meant \describe ?
checkRd: (-1) geom_from_path.Rd:91: Lost braces in \itemize; meant \describe ?
checkRd: (-1) geom_from_path.Rd:92: Lost braces in \itemize; meant \describe ?
checkRd: (-1) geom_from_path.Rd:93-96: Lost braces in \itemize; meant \describe ?
checkRd: (-1) geom_from_path.Rd:97-100: Lost braces in \itemize; meant \describe ?
checkRd: (-1) geom_lines.Rd:77: Lost braces in \itemize; meant \describe ?
checkRd: (-1) geom_lines.Rd:78: Lost braces in \itemize; meant \describe ?
checkRd: (-1) geom_lines.Rd:79: Lost braces in \itemize; meant \describe ?
checkRd: (-1) geom_lines.Rd:80: Lost braces in \itemize; meant \describe ?
checkRd: (-1) geom_lines.Rd:81: Lost braces in \itemize; meant \describe ?
checkRd: (-1) geom_lines.Rd:82: Lost braces in \itemize; meant \describe ?
checkRd: (-1) geom_mlb_headshots.Rd:86: Lost braces in \itemize; meant \describe ?
checkRd: (-1) geom_mlb_headshots.Rd:87: Lost braces in \itemize; meant \describe ?
checkRd: (-1) geom_mlb_headshots.Rd:88: Lost braces in \itemize; meant \describe ?
checkRd: (-1) geom_mlb_headshots.Rd:89-90: Lost braces in \itemize; meant \describe ?
checkRd: (-1) geom_mlb_headshots.Rd:91: Lost braces in \itemize; meant \describe ?
checkRd: (-1) geom_mlb_headshots.Rd:92: Lost braces in \itemize; meant \describe ?
checkRd: (-1) geom_mlb_headshots.Rd:93: Lost braces in \itemize; meant \describe ?
checkRd: (-1) geom_mlb_headshots.Rd:94: Lost braces in \itemize; meant \describe ?
checkRd: (-1) geom_mlb_headshots.Rd:95: Lost braces in \itemize; meant \describe ?
checkRd: (-1) geom_mlb_headshots.Rd:96-99: Lost braces in \itemize; meant \describe ?
checkRd: (-1) geom_mlb_headshots.Rd:100-103: Lost braces in \itemize; meant \describe ?
checkRd: (-1) geom_mlb_logos.Rd:115: Lost braces in \itemize; meant \describe ?
checkRd: (-1) geom_mlb_logos.Rd:116: Lost braces in \itemize; meant \describe ?
checkRd: (-1) geom_mlb_logos.Rd:117: Lost braces in \itemize; meant \describe ?
checkRd: (-1) geom_mlb_logos.Rd:118: Lost braces in \itemize; meant \describe ?
checkRd: (-1) geom_mlb_logos.Rd:119: Lost braces in \itemize; meant \describe ?
checkRd: (-1) geom_mlb_logos.Rd:120: Lost braces in \itemize; meant \describe ?
checkRd: (-1) geom_mlb_logos.Rd:121: Lost braces in \itemize; meant \describe ?
checkRd: (-1) geom_mlb_logos.Rd:122: Lost braces in \itemize; meant \describe ?
checkRd: (-1) geom_mlb_logos.Rd:123-126: Lost braces in \itemize; meant \describe ?
checkRd: (-1) geom_mlb_logos.Rd:127-130: Lost braces in \itemize; meant \describe ?
Flavors: r-devel-linux-x86_64-debian-clang, r-devel-linux-x86_64-debian-gcc, r-devel-linux-x86_64-fedora-clang, r-devel-linux-x86_64-fedora-gcc, r-prerel-macos-arm64, r-prerel-windows-x86_64, r-patched-linux-x86_64
Version: 1.1.0
Check: installed package size
Result: NOTE
installed size is 5.2Mb
sub-directories of 1Mb or more:
R 2.8Mb
help 2.4Mb
Flavor: r-release-macos-x86_64