CRAN Package Check Results for Package mlergm

Last updated on 2019-11-19 22:49:26 CET.

Flavor Version Tinstall Tcheck Ttotal Status Flags
r-devel-linux-x86_64-debian-clang 0.4 13.33 108.95 122.28 OK
r-devel-linux-x86_64-debian-gcc 0.4 11.79 85.82 97.61 OK
r-devel-linux-x86_64-fedora-clang 0.4 140.68 OK
r-devel-linux-x86_64-fedora-gcc 0.4 144.38 OK
r-devel-windows-ix86+x86_64 0.4 40.00 118.00 158.00 OK
r-devel-windows-ix86+x86_64-gcc8 0.4 29.00 109.00 138.00 OK
r-patched-linux-x86_64 0.4 12.41 99.45 111.86 OK
r-patched-solaris-x86 0.4 200.00 OK
r-release-linux-x86_64 0.4 11.32 100.18 111.50 OK
r-release-windows-ix86+x86_64 0.4 39.00 145.00 184.00 OK
r-release-osx-x86_64 0.4 OK
r-oldrel-windows-ix86+x86_64 0.4 14.00 103.00 117.00 OK
r-oldrel-osx-x86_64 0.4 ERROR

Check Details

Version: 0.4
Check: package dependencies
Result: ERROR
    Package required and available but unsuitable version: ‘ergm’
    
    See section ‘The DESCRIPTION file’ in the ‘Writing R Extensions’
    manual.
Flavor: r-oldrel-osx-x86_64