CRAN Package Check Results for Package mlergm

Last updated on 2019-07-22 22:48:05 CEST.

Flavor Version Tinstall Tcheck Ttotal Status Flags
r-devel-linux-x86_64-debian-clang 0.2 11.69 104.55 116.24 OK
r-devel-linux-x86_64-debian-gcc 0.2 10.61 80.75 91.36 OK
r-devel-linux-x86_64-fedora-clang 0.2 136.72 OK
r-devel-linux-x86_64-fedora-gcc 0.2 130.81 OK
r-devel-windows-ix86+x86_64 0.2 21.00 143.00 164.00 OK
r-patched-linux-x86_64 0.2 13.03 100.59 113.62 OK
r-patched-solaris-x86 0.2 202.90 OK
r-release-linux-x86_64 0.2 10.03 100.16 110.19 OK
r-release-windows-ix86+x86_64 0.2 23.00 95.00 118.00 OK
r-release-osx-x86_64 0.2 OK
r-oldrel-windows-ix86+x86_64 0.2 6.00 6.00 12.00 ERROR
r-oldrel-osx-x86_64 0.2 ERROR

Check Details

Version: 0.2
Check: package dependencies
Result: ERROR
    Package required and available but unsuitable version: 'parallel'
    
    See section 'The DESCRIPTION file' in the 'Writing R Extensions'
    manual.
Flavor: r-oldrel-windows-ix86+x86_64

Version: 0.2
Check: package dependencies
Result: ERROR
    Packages required and available but unsuitable versions: ‘ergm’ ‘parallel’
    
    See section ‘The DESCRIPTION file’ in the ‘Writing R Extensions’
    manual.
Flavor: r-oldrel-osx-x86_64