Last updated on 2024-05-03 22:53:17 CEST.
Flavor | Version | Tinstall | Tcheck | Ttotal | Status | Flags |
---|---|---|---|---|---|---|
r-devel-linux-x86_64-debian-clang | 1.1.2 | 4.11 | 75.98 | 80.09 | NOTE | |
r-devel-linux-x86_64-fedora-clang | 1.1.2 | 100.21 | NOTE | |||
r-devel-linux-x86_64-fedora-gcc | 1.1.2 | 102.92 | NOTE | |||
r-devel-windows-x86_64 | 1.1.2 | 3.00 | 97.00 | 100.00 | NOTE | |
r-patched-linux-x86_64 | 1.1.2 | 2.52 | 79.39 | 81.91 | NOTE | |
r-release-linux-x86_64 | 1.1.2 | 2.50 | 79.09 | 81.59 | NOTE | |
r-release-macos-arm64 | 1.1.2 | 33.00 | NOTE | |||
r-release-windows-x86_64 | 1.1.2 | 4.00 | 90.00 | 94.00 | NOTE | |
r-oldrel-macos-arm64 | 1.1.2 | 34.00 | OK | |||
r-oldrel-macos-x86_64 | 1.1.2 | 75.00 | OK | |||
r-oldrel-windows-x86_64 | 1.1.2 | 5.00 | 103.00 | 108.00 | OK |
Version: 1.1.2
Check: Rd files
Result: NOTE
checkRd: (-1) refBasedCts.Rd:44: Lost braces
44 | using reference based imputation as proposed by \doi{10.1080/10543406.2013.834911}{Carpenter et al (2013)}. This approach
| ^
Flavors: r-devel-linux-x86_64-debian-clang, r-devel-linux-x86_64-fedora-clang, r-devel-linux-x86_64-fedora-gcc, r-devel-windows-x86_64, r-patched-linux-x86_64, r-release-linux-x86_64, r-release-macos-arm64, r-release-windows-x86_64