CRAN Package Check Results for Package mlogit

Last updated on 2024-06-13 22:49:35 CEST.

Flavor Version Tinstall Tcheck Ttotal Status Flags
r-devel-linux-x86_64-debian-clang 1.1-1 14.31 424.16 438.47 OK
r-devel-linux-x86_64-debian-gcc 1.1-1 0.52 1.91 2.43 ERROR
r-devel-linux-x86_64-fedora-clang 1.1-1 541.96 OK
r-devel-linux-x86_64-fedora-gcc 1.1-1 487.42 OK
r-devel-windows-x86_64 1.1-1 11.00 358.00 369.00 OK
r-patched-linux-x86_64 1.1-1 16.37 411.16 427.53 OK
r-release-linux-x86_64 1.1-1 11.19 424.26 435.45 OK
r-release-macos-arm64 1.1-1 154.00 OK
r-release-macos-x86_64 1.1-1 303.00 OK
r-release-windows-x86_64 1.1-1 12.00 361.00 373.00 OK
r-oldrel-macos-arm64 1.1-1 168.00 OK
r-oldrel-macos-x86_64 1.1-1 290.00 OK
r-oldrel-windows-x86_64 1.1-1 14.00 439.00 453.00 OK

Check Details

Version: 1.1-1
Check: package dependencies
Result: ERROR Package required but not available: ‘dfidx’ Packages suggested but not available for checking: 'car', 'AER', 'ggplot2' See section ‘The DESCRIPTION file’ in the ‘Writing R Extensions’ manual. Flavor: r-devel-linux-x86_64-debian-gcc