Last updated on 2023-12-05 23:05:27 CET.
Flavor | Version | Tinstall | Tcheck | Ttotal | Status | Flags |
---|---|---|---|---|---|---|
r-devel-linux-x86_64-debian-clang | 4.3.0 | 2906.44 | 69.46 | 2975.90 | OK | |
r-devel-linux-x86_64-debian-gcc | 4.3.0 | 2008.86 | 53.47 | 2062.33 | OK | |
r-devel-linux-x86_64-fedora-clang | 4.3.0 | 4484.28 | NOTE | |||
r-devel-linux-x86_64-fedora-gcc | 4.3.0 | 4695.79 | OK | |||
r-devel-windows-x86_64 | 4.3.0 | 2354.00 | 181.00 | 2535.00 | NOTE | |
r-patched-linux-x86_64 | 4.2.1 | 2376.91 | 66.41 | 2443.32 | OK | |
r-release-linux-x86_64 | 4.3.0 | 2415.64 | 66.65 | 2482.29 | OK | |
r-release-macos-arm64 | 4.3.0 | 823.00 | NOTE | |||
r-release-macos-x86_64 | 4.3.0 | 527.00 | NOTE | |||
r-release-windows-x86_64 | 4.3.0 | 2316.00 | 258.00 | 2574.00 | NOTE | |
r-oldrel-macos-arm64 | 4.3.0 | 807.00 | NOTE | |||
r-oldrel-macos-x86_64 | 4.2.1 | 1175.00 | NOTE | |||
r-oldrel-windows-x86_64 | 4.3.0 | 1784.00 | 229.00 | 2013.00 | NOTE |
Version: 4.3.0
Check: installed package size
Result: NOTE
installed size is 35.8Mb
sub-directories of 1Mb or more:
include 10.1Mb
libs 25.2Mb
Flavors: r-devel-linux-x86_64-fedora-clang, r-devel-windows-x86_64, r-release-macos-arm64, r-release-macos-x86_64, r-release-windows-x86_64, r-oldrel-macos-arm64, r-oldrel-windows-x86_64
Version: 4.2.1
Check: installed package size
Result: NOTE
installed size is 237.8Mb
sub-directories of 1Mb or more:
include 9.6Mb
libs 227.7Mb
Flavor: r-oldrel-macos-x86_64