CRAN Package Check Results for Package mlquantify

Last updated on 2023-01-29 23:03:14 CET.

Flavor Version Tinstall Tcheck Ttotal Status Flags
r-devel-linux-x86_64-debian-clang 0.2.0 3.43 43.49 46.92 OK
r-devel-linux-x86_64-debian-gcc 0.2.0 1.94 33.66 35.60 OK
r-devel-linux-x86_64-fedora-clang 0.2.0 62.11 NOTE
r-devel-linux-x86_64-fedora-gcc 0.2.0 56.50 NOTE
r-devel-windows-x86_64 0.2.0 27.00 83.00 110.00 OK
r-patched-linux-x86_64 0.2.0 2.78 42.52 45.30 OK
r-release-linux-x86_64 0.2.0 2.17 43.12 45.29 OK
r-release-macos-arm64 0.2.0 24.00 NOTE
r-release-macos-x86_64 0.2.0 40.00 NOTE
r-release-windows-x86_64 0.2.0 28.00 79.00 107.00 OK
r-oldrel-macos-arm64 0.2.0 24.00 NOTE
r-oldrel-macos-x86_64 0.2.0 31.00 NOTE
r-oldrel-windows-ix86+x86_64 0.2.0 8.00 79.00 87.00 OK

Check Details

Version: 0.2.0
Check: dependencies in R code
Result: NOTE
    Namespaces in Imports field not imported from:
     ‘caret’ ‘randomForest’
     All declared Imports should be used.
Flavors: r-devel-linux-x86_64-fedora-clang, r-devel-linux-x86_64-fedora-gcc, r-release-macos-arm64, r-release-macos-x86_64, r-oldrel-macos-arm64, r-oldrel-macos-x86_64