Last updated on 2023-06-05 23:09:35 CEST.
Flavor | Version | Tinstall | Tcheck | Ttotal | Status | Flags |
---|---|---|---|---|---|---|
r-devel-linux-x86_64-debian-clang | 0.5.0-1 | 35.56 | 619.65 | 655.21 | OK | |
r-devel-linux-x86_64-debian-gcc | 0.5.0-1 | 29.91 | 447.71 | 477.62 | OK | |
r-devel-linux-x86_64-fedora-clang | 0.5.0-1 | 782.37 | NOTE | |||
r-devel-linux-x86_64-fedora-gcc | 0.5.0-1 | 765.13 | OK | |||
r-devel-windows-x86_64 | 0.5.0-1 | 26.00 | 354.00 | 380.00 | OK | |
r-patched-linux-x86_64 | 0.5.0-1 | 46.77 | 568.30 | 615.07 | OK | |
r-release-linux-x86_64 | 0.5.0-1 | 35.26 | 578.05 | 613.31 | OK | |
r-release-macos-arm64 | 0.5.0-1 | 144.00 | OK | |||
r-release-macos-x86_64 | 0.4.3 | 253.00 | OK | |||
r-release-windows-x86_64 | 0.5.0-1 | 38.00 | 456.00 | 494.00 | OK | |
r-oldrel-macos-arm64 | 0.5.0-1 | 140.00 | OK | |||
r-oldrel-macos-x86_64 | 0.5.0-1 | 175.00 | OK | |||
r-oldrel-windows-x86_64 | 0.5.0-1 | 37.00 | 440.00 | 477.00 | OK |
Version: 0.5.0-1
Check: Rd cross-references
Result: NOTE
Undeclared package ‘htmlwidgets’ in Rd xrefs
Flavor: r-devel-linux-x86_64-fedora-clang