CRAN Package Check Results for Package mlr3shiny

Last updated on 2021-03-03 22:51:21 CET.

Flavor Version Tinstall Tcheck Ttotal Status Flags
r-devel-linux-x86_64-debian-clang 0.1.1 2.09 22.88 24.97 OK
r-devel-linux-x86_64-debian-gcc 0.1.1 1.67 18.56 20.23 OK
r-devel-linux-x86_64-fedora-clang 0.1.1 40.79 NOTE
r-devel-linux-x86_64-fedora-gcc 0.1.1 29.92 NOTE
r-devel-windows-ix86+x86_64 0.1.1 5.00 44.00 49.00 OK
r-patched-linux-x86_64 0.1.1 2.08 22.52 24.60 OK
r-patched-solaris-x86 0.1.1 47.00 NOTE
r-release-linux-x86_64 0.1.1 2.02 23.37 25.39 OK
r-release-macos-x86_64 0.1.1 NOTE
r-release-windows-ix86+x86_64 0.1.1 5.00 28.00 33.00 OK
r-oldrel-macos-x86_64 0.1.1 NOTE
r-oldrel-windows-ix86+x86_64 0.1.1 4.00 38.00 42.00 OK

Check Details

Version: 0.1.1
Check: dependencies in R code
Result: NOTE
    Namespaces in Imports field not imported from:
     ‘DT’ ‘data.table’ ‘e1071’ ‘mlr3’ ‘mlr3learners’ ‘mlr3measures’ ‘plyr’
     ‘purrr’ ‘ranger’ ‘readxl’ ‘shinyWidgets’ ‘shinyalert’
     ‘shinydashboard’ ‘shinyjs’ ‘shinythemes’ ‘stats’ ‘stringr’
     All declared Imports should be used.
Flavors: r-devel-linux-x86_64-fedora-clang, r-devel-linux-x86_64-fedora-gcc, r-patched-solaris-x86, r-release-macos-x86_64, r-oldrel-macos-x86_64