CRAN Package Check Results for Package mmm2

Last updated on 2017-12-13 21:50:57 CET.

Flavor Version Tinstall Tcheck Ttotal Status Flags
r-devel-linux-x86_64-debian-clang 1.2 0.71 16.59 17.30 NOTE
r-devel-linux-x86_64-debian-gcc 1.2 0.54 15.56 16.10 NOTE
r-devel-linux-x86_64-fedora-clang 1.2 20.74 NOTE
r-devel-linux-x86_64-fedora-gcc 1.2 23.57 NOTE
r-devel-windows-ix86+x86_64 1.2 5.00 31.00 36.00 NOTE
r-patched-linux-x86_64 1.2 0.67 17.59 18.26 NOTE
r-patched-solaris-x86 1.2 33.30 NOTE
r-release-linux-x86_64 1.2 0.76 17.91 18.67 NOTE
r-release-windows-ix86+x86_64 1.2 3.00 41.00 44.00 NOTE
r-release-osx-x86_64 1.2 NOTE
r-oldrel-windows-ix86+x86_64 1.2 5.00 36.00 41.00 NOTE
r-oldrel-osx-x86_64 1.2 NOTE

Check Details

Version: 1.2
Check: DESCRIPTION meta-information
Result: NOTE
    Malformed Description field: should contain one or more complete sentences.
Flavors: r-devel-linux-x86_64-debian-clang, r-devel-linux-x86_64-debian-gcc, r-devel-linux-x86_64-fedora-clang, r-devel-linux-x86_64-fedora-gcc, r-devel-windows-ix86+x86_64, r-patched-linux-x86_64, r-patched-solaris-x86, r-release-linux-x86_64, r-release-windows-ix86+x86_64, r-release-osx-x86_64, r-oldrel-windows-ix86+x86_64, r-oldrel-osx-x86_64

Version: 1.2
Check: R code for possible problems
Result: NOTE
    mmm2: no visible global function definition for ‘model.frame’
    mmm2: no visible global function definition for ‘model.matrix’
    mmm2: no visible global function definition for ‘model.response’
    mmm2: no visible global function definition for ‘as.formula’
    Undefined global functions or variables:
     as.formula model.frame model.matrix model.response
    Consider adding
     importFrom("stats", "as.formula", "model.frame", "model.matrix",
     "model.response")
    to your NAMESPACE file.
Flavors: r-devel-linux-x86_64-debian-clang, r-devel-linux-x86_64-debian-gcc, r-devel-linux-x86_64-fedora-clang, r-devel-linux-x86_64-fedora-gcc, r-devel-windows-ix86+x86_64, r-patched-linux-x86_64, r-patched-solaris-x86, r-release-linux-x86_64, r-release-windows-ix86+x86_64, r-release-osx-x86_64, r-oldrel-windows-ix86+x86_64, r-oldrel-osx-x86_64