Last updated on 2023-12-06 23:12:06 CET.
Flavor | Version | Tinstall | Tcheck | Ttotal | Status | Flags |
---|---|---|---|---|---|---|
r-devel-linux-x86_64-debian-clang | 0.1 | 31.10 | 26.96 | 58.06 | NOTE | |
r-devel-linux-x86_64-debian-gcc | 0.1 | 20.01 | 21.32 | 41.33 | NOTE | |
r-devel-linux-x86_64-fedora-clang | 0.1 | 85.60 | NOTE | |||
r-devel-linux-x86_64-fedora-gcc | 0.1 | 82.54 | NOTE | |||
r-devel-windows-x86_64 | 0.1 | 26.00 | 63.00 | 89.00 | NOTE | |
r-patched-linux-x86_64 | 0.1 | 31.00 | 26.60 | 57.60 | NOTE | |
r-release-linux-x86_64 | 0.1 | 24.89 | 26.44 | 51.33 | NOTE | |
r-release-macos-arm64 | 0.1 | 23.00 | NOTE | |||
r-release-macos-x86_64 | 0.1 | 38.00 | NOTE | |||
r-release-windows-x86_64 | 0.1 | 33.00 | 70.00 | 103.00 | NOTE | |
r-oldrel-macos-arm64 | 0.1 | 24.00 | NOTE | |||
r-oldrel-macos-x86_64 | 0.1 | 33.00 | NOTE | |||
r-oldrel-windows-x86_64 | 0.1 | 31.00 | 73.00 | 104.00 | NOTE |
Version: 0.1
Check: LazyData
Result: NOTE
'LazyData' is specified without a 'data' directory
Flavors: r-devel-linux-x86_64-debian-clang, r-devel-linux-x86_64-debian-gcc, r-devel-linux-x86_64-fedora-clang, r-devel-linux-x86_64-fedora-gcc, r-devel-windows-x86_64, r-patched-linux-x86_64, r-release-linux-x86_64, r-release-macos-arm64, r-release-macos-x86_64, r-release-windows-x86_64, r-oldrel-macos-arm64, r-oldrel-macos-x86_64, r-oldrel-windows-x86_64