CRAN Package Check Results for Package mniw

Last updated on 2024-06-13 22:49:35 CEST.

Flavor Version Tinstall Tcheck Ttotal Status Flags
r-devel-linux-x86_64-debian-clang 1.0.1 202.70 105.45 308.15 OK
r-devel-linux-x86_64-debian-gcc 1.0.1 137.12 42.63 179.75 ERROR
r-devel-linux-x86_64-fedora-clang 1.0.1 397.24 OK
r-devel-linux-x86_64-fedora-gcc 1.0.1 450.33 OK
r-devel-windows-x86_64 1.0.1 137.00 118.00 255.00 OK
r-patched-linux-x86_64 1.0.1 169.43 112.21 281.64 OK
r-release-linux-x86_64 1.0.1 168.78 112.44 281.22 OK
r-release-macos-arm64 1.0.1 84.00 NOTE
r-release-macos-x86_64 1.0.1 108.00 NOTE
r-release-windows-x86_64 1.0.1 140.00 116.00 256.00 OK
r-oldrel-macos-arm64 1.0.1 101.00 NOTE
r-oldrel-macos-x86_64 1.0.1 161.00 NOTE
r-oldrel-windows-x86_64 1.0.1 166.00 146.00 312.00 OK

Check Details

Version: 1.0.1
Check: package dependencies
Result: NOTE Package suggested but not available for checking: ‘testthat’ Flavor: r-devel-linux-x86_64-debian-gcc

Version: 1.0.1
Check: tests
Result: ERROR Running ‘testthat.R’ [0s/1s] Running the tests in ‘tests/testthat.R’ failed. Complete output: > library(testthat) Error in library(testthat) : there is no package called 'testthat' Execution halted Flavor: r-devel-linux-x86_64-debian-gcc

Version: 1.0.1
Check: installed package size
Result: NOTE installed size is 19.6Mb sub-directories of 1Mb or more: libs 19.3Mb Flavors: r-release-macos-arm64, r-release-macos-x86_64, r-oldrel-macos-arm64, r-oldrel-macos-x86_64