Last updated on 2023-10-04 00:01:53 CEST.
Flavor | Version | Tinstall | Tcheck | Ttotal | Status | Flags |
---|---|---|---|---|---|---|
r-devel-linux-x86_64-debian-clang | 1.0.1 | 166.09 | 92.53 | 258.62 | OK | |
r-devel-linux-x86_64-debian-gcc | 1.0.1 | 128.61 | 74.09 | 202.70 | OK | |
r-devel-linux-x86_64-fedora-clang | 1.0.1 | 361.72 | OK | |||
r-devel-linux-x86_64-fedora-gcc | 1.0.1 | 397.96 | OK | |||
r-devel-windows-x86_64 | 1.0.1 | 122.00 | 109.00 | 231.00 | OK | |
r-patched-linux-x86_64 | 1.0.1 | 156.29 | 96.05 | 252.34 | OK | |
r-release-linux-x86_64 | 1.0.1 | 175.50 | 97.10 | 272.60 | OK | |
r-release-macos-arm64 | 1.0.1 | 101.00 | NOTE | |||
r-release-macos-x86_64 | 1.0.1 | 161.00 | NOTE | |||
r-release-windows-x86_64 | 1.0.1 | 157.00 | 143.00 | 300.00 | OK | |
r-oldrel-macos-arm64 | 1.0.1 | 91.00 | NOTE | |||
r-oldrel-macos-x86_64 | 1.0.1 | 109.00 | NOTE | |||
r-oldrel-windows-x86_64 | 1.0.1 | 149.00 | 133.00 | 282.00 | OK |
Version: 1.0.1
Check: installed package size
Result: NOTE
installed size is 15.6Mb
sub-directories of 1Mb or more:
libs 15.4Mb
Flavors: r-release-macos-arm64, r-release-macos-x86_64, r-oldrel-macos-arm64, r-oldrel-macos-x86_64