Last updated on 2023-06-05 23:09:36 CEST.
Flavor | Version | Tinstall | Tcheck | Ttotal | Status | Flags |
---|---|---|---|---|---|---|
r-devel-linux-x86_64-debian-clang | 2.4.0 | 7.73 | 60.57 | 68.30 | NOTE | |
r-devel-linux-x86_64-debian-gcc | 2.4.0 | 5.79 | 46.50 | 52.29 | NOTE | |
r-devel-linux-x86_64-fedora-clang | 2.4.0 | 82.96 | NOTE | |||
r-devel-linux-x86_64-fedora-gcc | 2.4.0 | 84.70 | NOTE | |||
r-devel-windows-x86_64 | 2.4.0 | 6.00 | 63.00 | 69.00 | NOTE | |
r-patched-linux-x86_64 | 2.4.0 | 6.98 | 57.92 | 64.90 | NOTE | |
r-release-linux-x86_64 | 2.4.0 | 5.47 | 57.73 | 63.20 | NOTE | |
r-release-macos-arm64 | 2.4.0 | 27.00 | NOTE | |||
r-release-macos-x86_64 | 2.4.0 | 40.00 | NOTE | |||
r-release-windows-x86_64 | 2.4.0 | 9.00 | 76.00 | 85.00 | NOTE | |
r-oldrel-macos-arm64 | 2.4.0 | 27.00 | NOTE | |||
r-oldrel-macos-x86_64 | 2.4.0 | 37.00 | NOTE | |||
r-oldrel-windows-x86_64 | 2.4.0 | 9.00 | 76.00 | 85.00 | NOTE |
Version: 2.4.0
Check: Rd files
Result: NOTE
checkRd: (-1) modeest-package.Rd:150: Escaped LaTeX specials: \&
checkRd: (-1) vieu.Rd:56: Escaped LaTeX specials: \&
Flavors: r-devel-linux-x86_64-debian-clang, r-devel-linux-x86_64-debian-gcc, r-devel-linux-x86_64-fedora-clang, r-devel-linux-x86_64-fedora-gcc, r-devel-windows-x86_64, r-patched-linux-x86_64, r-release-linux-x86_64, r-release-macos-arm64, r-release-macos-x86_64, r-release-windows-x86_64
Version: 2.4.0
Check: LazyData
Result: NOTE
'LazyData' is specified without a 'data' directory
Flavors: r-devel-linux-x86_64-debian-clang, r-devel-linux-x86_64-debian-gcc, r-devel-linux-x86_64-fedora-clang, r-devel-linux-x86_64-fedora-gcc, r-devel-windows-x86_64, r-patched-linux-x86_64, r-release-linux-x86_64, r-release-macos-arm64, r-release-macos-x86_64, r-release-windows-x86_64, r-oldrel-macos-arm64, r-oldrel-macos-x86_64, r-oldrel-windows-x86_64