CRAN Package Check Results for Package modelDown

Last updated on 2019-12-11 22:51:14 CET.

Flavor Version Tinstall Tcheck Ttotal Status Flags
r-devel-linux-x86_64-debian-clang 1.0.1 6.08 199.66 205.74 OK
r-devel-linux-x86_64-debian-gcc 1.0.1 5.02 168.57 173.59 OK
r-devel-linux-x86_64-fedora-clang 1.0.1 252.00 NOTE
r-devel-linux-x86_64-fedora-gcc 1.0.1 239.80 NOTE
r-devel-windows-ix86+x86_64 1.0.1 20.00 132.00 152.00 OK
r-devel-windows-ix86+x86_64-gcc8 1.0.1 28.00 137.00 165.00 OK
r-patched-linux-x86_64 1.0.1 5.17 190.57 195.74 OK
r-patched-solaris-x86 1.0.1 434.70 NOTE
r-release-linux-x86_64 1.0.1 5.60 191.43 197.03 OK
r-release-windows-ix86+x86_64 1.0.1 13.00 91.00 104.00 OK
r-release-osx-x86_64 1.0.1 NOTE
r-oldrel-windows-ix86+x86_64 1.0.1 7.00 90.00 97.00 OK
r-oldrel-osx-x86_64 1.0.1 NOTE

Check Details

Version: 1.0.1
Check: dependencies in R code
Result: NOTE
    Namespaces in Imports field not imported from:
     ‘DALEX’ ‘DT’ ‘auditor’ ‘breakDown’ ‘drifter’ ‘svglite’
     All declared Imports should be used.
Flavors: r-devel-linux-x86_64-fedora-clang, r-devel-linux-x86_64-fedora-gcc, r-patched-solaris-x86, r-release-osx-x86_64, r-oldrel-osx-x86_64