CRAN Package Check Results for Package modelDown

Last updated on 2019-08-16 22:48:25 CEST.

Flavor Version Tinstall Tcheck Ttotal Status Flags
r-devel-linux-x86_64-debian-clang 1.0.1 5.82 216.51 222.33 OK
r-devel-linux-x86_64-debian-gcc 1.0.1 5.25 177.99 183.24 OK
r-devel-linux-x86_64-fedora-clang 1.0.1 273.09 NOTE
r-devel-linux-x86_64-fedora-gcc 1.0.1 247.95 NOTE
r-devel-windows-ix86+x86_64 1.0.1 23.00 167.00 190.00 OK
r-patched-linux-x86_64 1.0.1 5.74 207.66 213.40 OK
r-patched-solaris-x86 1.0.1 442.00 NOTE
r-release-linux-x86_64 1.0.1 5.80 209.01 214.81 OK
r-release-windows-ix86+x86_64 1.0.1 16.00 155.00 171.00 OK
r-release-osx-x86_64 1.0.1 NOTE
r-oldrel-windows-ix86+x86_64 1.0.1 15.00 153.00 168.00 OK
r-oldrel-osx-x86_64 1.0.1 NOTE

Check Details

Version: 1.0.1
Check: dependencies in R code
Result: NOTE
    Namespaces in Imports field not imported from:
     ‘DALEX’ ‘DT’ ‘auditor’ ‘breakDown’ ‘drifter’ ‘svglite’
     All declared Imports should be used.
Flavors: r-devel-linux-x86_64-fedora-clang, r-devel-linux-x86_64-fedora-gcc, r-patched-solaris-x86, r-release-osx-x86_64, r-oldrel-osx-x86_64