CRAN Package Check Results for Package modeldb

Last updated on 2021-04-16 22:51:04 CEST.

Flavor Version Tinstall Tcheck Ttotal Status Flags
r-devel-linux-x86_64-debian-clang 0.2.2 6.06 202.05 208.11 OK
r-devel-linux-x86_64-debian-gcc 0.2.2 4.74 120.64 125.38 OK
r-devel-linux-x86_64-fedora-clang 0.2.2 243.92 OK
r-devel-linux-x86_64-fedora-gcc 0.2.2 208.53 OK
r-devel-windows-ix86+x86_64 0.2.2 16.00 6.00 22.00 ERROR
r-devel-windows-x86_64-gcc10-UCRT 0.2.2 OK
r-patched-linux-x86_64 0.2.2 6.25 164.84 171.09 OK
r-patched-solaris-x86 0.2.2 301.20 OK
r-release-linux-x86_64 0.2.2 5.36 167.78 173.14 OK
r-release-macos-x86_64 0.2.2 OK
r-release-windows-ix86+x86_64 0.2.2 15.00 225.00 240.00 OK
r-oldrel-macos-x86_64 0.2.2 OK
r-oldrel-windows-ix86+x86_64 0.2.2 9.00 198.00 207.00 OK

Check Details

Version: 0.2.2
Check: whether package can be installed
Result: ERROR
    Installation failed.
Flavor: r-devel-windows-ix86+x86_64