CRAN Package Check Results for Package modelr

Last updated on 2021-04-15 22:51:15 CEST.

Flavor Version Tinstall Tcheck Ttotal Status Flags
r-devel-linux-x86_64-debian-clang 0.1.8 5.11 62.61 67.72 OK
r-devel-linux-x86_64-debian-gcc 0.1.8 3.82 46.76 50.58 OK
r-devel-linux-x86_64-fedora-clang 0.1.8 91.89 NOTE
r-devel-linux-x86_64-fedora-gcc 0.1.8 76.43 OK
r-devel-windows-ix86+x86_64 0.1.8 13.00 5.00 18.00 ERROR
r-devel-windows-x86_64-gcc10-UCRT 0.1.8 NOTE
r-patched-linux-x86_64 0.1.8 4.87 59.79 64.66 OK
r-patched-solaris-x86 0.1.8 110.50 OK
r-release-linux-x86_64 0.1.8 3.83 59.88 63.71 OK
r-release-macos-x86_64 0.1.8 OK
r-release-windows-ix86+x86_64 0.1.8 13.00 91.00 104.00 OK
r-oldrel-macos-x86_64 0.1.8 OK
r-oldrel-windows-ix86+x86_64 0.1.8 7.00 59.00 66.00 OK

Check Details

Version: 0.1.8
Check: Rd cross-references
Result: NOTE
    Undeclared packages ‘lme4’, ‘rstanarm’, ‘dplyr’ in Rd xrefs
Flavor: r-devel-linux-x86_64-fedora-clang

Version: 0.1.8
Check: whether package can be installed
Result: ERROR
    Installation failed.
Flavor: r-devel-windows-ix86+x86_64

Version: 0.1.8
Check: Rd cross-references
Result: NOTE
    Package unavailable to check Rd xrefs: 'rstanarm'
Flavor: r-devel-windows-x86_64-gcc10-UCRT