Last updated on 2023-12-05 23:05:27 CET.
Flavor | Version | Tinstall | Tcheck | Ttotal | Status | Flags |
---|---|---|---|---|---|---|
r-devel-linux-x86_64-debian-clang | 0.1.2 | 6.29 | 58.34 | 64.63 | OK | |
r-devel-linux-x86_64-debian-gcc | 0.1.2 | 4.29 | 44.01 | 48.30 | OK | |
r-devel-linux-x86_64-fedora-clang | 0.1.2 | 80.02 | OK | |||
r-devel-linux-x86_64-fedora-gcc | 0.1.2 | 87.08 | OK | |||
r-devel-windows-x86_64 | 0.1.2 | 5.00 | 65.00 | 70.00 | OK | |
r-patched-linux-x86_64 | 0.1.2 | 7.01 | 56.46 | 63.47 | OK | |
r-release-linux-x86_64 | 0.1.2 | 4.05 | 55.94 | 59.99 | OK | |
r-release-macos-arm64 | 0.1.2 | 36.00 | OK | |||
r-release-macos-x86_64 | 0.1.2 | 46.00 | NOTE | |||
r-release-windows-x86_64 | 0.1.2 | 5.00 | 79.00 | 84.00 | OK | |
r-oldrel-macos-arm64 | 0.1.2 | 29.00 | OK | |||
r-oldrel-macos-x86_64 | 0.1.2 | 36.00 | OK | |||
r-oldrel-windows-x86_64 | 0.1.2 | 7.00 | 78.00 | 85.00 | OK |
Version: 0.1.2
Check: package dependencies
Result: NOTE
Package suggested but not available for checking: ‘survey’
Flavor: r-release-macos-x86_64