Last updated on 2023-06-08 22:57:06 CEST.
Flavor | Version | Tinstall | Tcheck | Ttotal | Status | Flags |
---|---|---|---|---|---|---|
r-devel-linux-x86_64-debian-clang | 3.3.1 | 183.63 | 315.12 | 498.75 | OK | |
r-devel-linux-x86_64-debian-gcc | 3.4.0 | 150.08 | 265.93 | 416.01 | OK | |
r-devel-linux-x86_64-fedora-clang | 3.4.0 | 750.91 | OK | |||
r-devel-linux-x86_64-fedora-gcc | 3.4.0 | 765.74 | OK | |||
r-devel-windows-x86_64 | 3.4.0 | 134.00 | 288.00 | 422.00 | OK | |
r-patched-linux-x86_64 | 3.3.1 | 131.28 | 334.45 | 465.73 | OK | |
r-release-linux-x86_64 | 3.4.0 | 154.17 | 355.43 | 509.60 | OK | |
r-release-macos-arm64 | 3.4.0 | 195.00 | NOTE | |||
r-release-macos-x86_64 | 3.3.1 | 316.00 | NOTE | |||
r-release-windows-x86_64 | 3.4.0 | 132.00 | 295.00 | 427.00 | OK | |
r-oldrel-macos-arm64 | 3.4.0 | 165.00 | NOTE | |||
r-oldrel-macos-x86_64 | 3.4.0 | 231.00 | NOTE | |||
r-oldrel-windows-x86_64 | 3.4.0 | 134.00 | 306.00 | 440.00 | OK |
Version: 3.4.0
Check: installed package size
Result: NOTE
installed size is 6.8Mb
sub-directories of 1Mb or more:
libs 5.3Mb
Flavors: r-release-macos-arm64, r-oldrel-macos-arm64, r-oldrel-macos-x86_64
Version: 3.3.1
Check: installed package size
Result: NOTE
installed size is 6.8Mb
sub-directories of 1Mb or more:
libs 5.4Mb
Flavor: r-release-macos-x86_64