CRAN Package Check Results for Package mombf

Last updated on 2024-06-13 22:49:35 CEST.

Flavor Version Tinstall Tcheck Ttotal Status Flags
r-devel-linux-x86_64-debian-clang 3.5.4 248.46 299.24 547.70 OK
r-devel-linux-x86_64-debian-gcc 3.5.4 0.50 1.73 2.23 ERROR
r-devel-linux-x86_64-fedora-clang 3.5.4 779.26 OK
r-devel-linux-x86_64-fedora-gcc 3.5.4 800.49 OK
r-devel-windows-x86_64 3.5.4 198.00 259.00 457.00 OK
r-patched-linux-x86_64 3.5.4 208.32 300.70 509.02 OK
r-release-linux-x86_64 3.5.4 210.85 217.90 428.75 OK
r-release-macos-arm64 3.5.4 149.00 NOTE
r-release-macos-x86_64 3.5.4 198.00 NOTE
r-release-windows-x86_64 3.5.4 201.00 269.00 470.00 OK
r-oldrel-macos-arm64 3.5.4 231.00 NOTE
r-oldrel-macos-x86_64 3.5.4 331.00 NOTE
r-oldrel-windows-x86_64 3.5.4 246.00 342.00 588.00 OK

Check Details

Version: 3.5.4
Check: package dependencies
Result: ERROR Package required but not available: ‘dplyr’ Packages suggested but not available for checking: 'testthat', 'patrick' See section ‘The DESCRIPTION file’ in the ‘Writing R Extensions’ manual. Flavor: r-devel-linux-x86_64-debian-gcc

Version: 3.5.4
Check: installed package size
Result: NOTE installed size is 9.8Mb sub-directories of 1Mb or more: libs 8.2Mb Flavors: r-release-macos-arm64, r-release-macos-x86_64, r-oldrel-macos-arm64, r-oldrel-macos-x86_64