CRAN Package Check Results for Package mongopipe

Last updated on 2024-04-15 23:10:09 CEST.

Flavor Version Tinstall Tcheck Ttotal Status Flags
r-devel-linux-x86_64-debian-clang 0.1.1 2.54 29.00 31.54 NOTE
r-devel-linux-x86_64-debian-gcc 0.1.1 2.10 23.01 25.11 NOTE
r-devel-linux-x86_64-fedora-clang 0.1.1 40.93 NOTE
r-devel-linux-x86_64-fedora-gcc 0.1.1 39.05 NOTE
r-prerel-macos-arm64 0.1.1 18.00 NOTE
r-prerel-windows-x86_64 0.1.1 4.00 44.00 48.00 NOTE
r-patched-linux-x86_64 0.1.1 2.43 28.01 30.44 NOTE
r-release-linux-x86_64 0.1.1 2.55 28.18 30.73 NOTE
r-release-macos-arm64 0.1.1 19.00 NOTE
r-release-macos-x86_64 0.1.1 24.00 NOTE
r-release-windows-x86_64 0.1.1 3.00 46.00 49.00 NOTE
r-oldrel-macos-arm64 0.1.1 20.00 NOTE
r-oldrel-windows-x86_64 0.1.1 4.00 50.00 54.00 NOTE

Check Details

Version: 0.1.1
Check: LazyData
Result: NOTE 'LazyData' is specified without a 'data' directory Flavors: r-devel-linux-x86_64-debian-clang, r-devel-linux-x86_64-debian-gcc, r-devel-linux-x86_64-fedora-clang, r-devel-linux-x86_64-fedora-gcc, r-prerel-macos-arm64, r-prerel-windows-x86_64, r-patched-linux-x86_64, r-release-linux-x86_64, r-release-macos-arm64, r-release-macos-x86_64, r-release-windows-x86_64, r-oldrel-macos-arm64, r-oldrel-windows-x86_64