CRAN Package Check Results for Package monomvn

Last updated on 2017-11-24 22:51:23 CET.

Flavor Version Tinstall Tcheck Ttotal Status Flags
r-devel-linux-x86_64-debian-clang 1.9-7 7.47 77.74 85.21 NOTE
r-devel-linux-x86_64-debian-gcc 1.9-7 6.82 71.96 78.79 NOTE
r-devel-linux-x86_64-fedora-clang 1.9-7 68.76 NOTE
r-devel-linux-x86_64-fedora-gcc 1.9-7 63.85 NOTE
r-devel-windows-ix86+x86_64 1.9-7 29.00 103.00 132.00 OK
r-patched-linux-x86_64 1.9-7 7.09 77.87 84.96 NOTE
r-patched-solaris-x86 1.9-7 104.10 OK
r-release-linux-x86_64 1.9-7 6.82 79.64 86.46 NOTE
r-release-windows-ix86+x86_64 1.9-7 25.00 82.00 107.00 OK
r-release-osx-x86_64 1.9-7 OK
r-oldrel-windows-ix86+x86_64 1.9-7 29.00 109.00 138.00 OK
r-oldrel-osx-x86_64 1.9-7 OK

Check Details

Version: 1.9-7
Check: compiled code
Result: NOTE
    File ‘monomvn/libs/monomvn.so’:
     Found no calls to: ‘R_registerRoutines’, ‘R_useDynamicSymbols’
    
    It is good practice to register native routines and to disable symbol
    search.
    
    See ‘Writing portable packages’ in the ‘Writing R Extensions’ manual.
Flavors: r-devel-linux-x86_64-debian-clang, r-devel-linux-x86_64-debian-gcc, r-devel-linux-x86_64-fedora-clang, r-devel-linux-x86_64-fedora-gcc, r-patched-linux-x86_64, r-release-linux-x86_64