CRAN Package Check Results for Package monomvn

Last updated on 2018-02-24 22:47:36 CET.

Flavor Version Tinstall Tcheck Ttotal Status Flags
r-devel-linux-x86_64-debian-clang 1.9-7 12.49 46.93 59.42 NOTE
r-devel-linux-x86_64-debian-gcc 1.9-7 8.16 35.27 43.43 NOTE
r-devel-linux-x86_64-fedora-clang 1.9-7 75.79 NOTE
r-devel-linux-x86_64-fedora-gcc 1.9-7 67.75 NOTE
r-devel-windows-ix86+x86_64 1.9-7 45.00 103.00 148.00 OK
r-patched-linux-x86_64 1.9-7 7.00 48.99 55.99 NOTE
r-patched-solaris-x86 1.9-7 111.40 OK
r-release-linux-x86_64 1.9-7 6.94 48.85 55.79 NOTE
r-release-windows-ix86+x86_64 1.9-7 26.00 90.00 116.00 OK
r-release-osx-x86_64 1.9-7 OK
r-oldrel-windows-ix86+x86_64 1.9-7 26.00 91.00 117.00 OK
r-oldrel-osx-x86_64 1.9-7 OK

Check Details

Version: 1.9-7
Check: compiled code
Result: NOTE
    File ‘monomvn/libs/monomvn.so’:
     Found no calls to: ‘R_registerRoutines’, ‘R_useDynamicSymbols’
    
    It is good practice to register native routines and to disable symbol
    search.
    
    See ‘Writing portable packages’ in the ‘Writing R Extensions’ manual.
Flavors: r-devel-linux-x86_64-debian-clang, r-devel-linux-x86_64-debian-gcc, r-devel-linux-x86_64-fedora-clang, r-devel-linux-x86_64-fedora-gcc, r-patched-linux-x86_64, r-release-linux-x86_64