CRAN Package Check Results for Package monomvn

Last updated on 2018-06-24 22:49:28 CEST.

Flavor Version Tinstall Tcheck Ttotal Status Flags
r-devel-linux-x86_64-debian-clang 1.9-7 11.77 47.70 59.47 NOTE
r-devel-linux-x86_64-debian-gcc 1.9-7 8.69 36.16 44.85 NOTE
r-devel-linux-x86_64-fedora-clang 1.9-7 72.61 NOTE
r-devel-linux-x86_64-fedora-gcc 1.9-7 68.02 NOTE
r-devel-windows-ix86+x86_64 1.9-7 46.00 86.00 132.00 OK
r-patched-linux-x86_64 1.9-7 10.84 46.32 57.16 NOTE
r-patched-solaris-x86 1.9-7 100.20 OK
r-release-linux-x86_64 1.9-7 10.65 45.79 56.44 NOTE
r-release-windows-ix86+x86_64 1.9-7 35.00 81.00 116.00 OK
r-release-osx-x86_64 1.9-7 OK
r-oldrel-windows-ix86+x86_64 1.9-7 34.00 105.00 139.00 OK
r-oldrel-osx-x86_64 1.9-7 OK

Check Details

Version: 1.9-7
Check: compiled code
Result: NOTE
    File ‘monomvn/libs/monomvn.so’:
     Found no calls to: ‘R_registerRoutines’, ‘R_useDynamicSymbols’
    
    It is good practice to register native routines and to disable symbol
    search.
    
    See ‘Writing portable packages’ in the ‘Writing R Extensions’ manual.
Flavors: r-devel-linux-x86_64-debian-clang, r-devel-linux-x86_64-debian-gcc, r-devel-linux-x86_64-fedora-clang, r-devel-linux-x86_64-fedora-gcc, r-patched-linux-x86_64, r-release-linux-x86_64