CRAN Package Check Results for Package morse

Last updated on 2024-05-21 22:57:59 CEST.

Flavor Version Tinstall Tcheck Ttotal Status Flags
r-devel-linux-x86_64-debian-clang 3.3.2 15.27 372.06 387.33 NOTE
r-devel-linux-x86_64-debian-gcc 3.3.2 11.99 267.45 279.44 NOTE
r-devel-linux-x86_64-fedora-clang 3.3.2 499.43 NOTE
r-devel-linux-x86_64-fedora-gcc 3.3.2 454.13 NOTE
r-devel-windows-x86_64 3.3.2 16.00 265.00 281.00 NOTE --no-vignettes
r-patched-linux-x86_64 3.3.2 11.35 363.18 374.53 NOTE
r-release-linux-x86_64 3.3.2 10.98 378.17 389.15 NOTE
r-release-macos-arm64 3.3.2 139.00 NOTE
r-release-windows-x86_64 3.3.2 17.00 279.00 296.00 NOTE --no-vignettes
r-oldrel-macos-arm64 3.3.2 138.00 OK
r-oldrel-macos-x86_64 3.3.2 237.00 OK
r-oldrel-windows-x86_64 3.3.2 21.00 302.00 323.00 OK --no-vignettes

Additional issues

donttest

Check Details

Version: 3.3.2
Check: Rd files
Result: NOTE checkRd: (-1) plot.LCx.Rd:34: Lost braces 34 | \\code{LCx} class. It plots the survival probability as a function of concentration. | ^ Flavors: r-devel-linux-x86_64-debian-clang, r-devel-linux-x86_64-debian-gcc, r-devel-linux-x86_64-fedora-clang, r-devel-linux-x86_64-fedora-gcc, r-patched-linux-x86_64, r-release-linux-x86_64, r-release-macos-arm64

Version: 3.3.2
Check: compiled code
Result: NOTE File ‘morse/libs/morse.so’: Found no calls to: ‘R_registerRoutines’, ‘R_useDynamicSymbols’ It is good practice to register native routines and to disable symbol search. See ‘Writing portable packages’ in the ‘Writing R Extensions’ manual. Flavors: r-devel-linux-x86_64-fedora-clang, r-devel-linux-x86_64-fedora-gcc

Version: 3.3.2
Flags: --no-vignettes
Check: Rd files
Result: NOTE checkRd: (-1) plot.LCx.Rd:34: Lost braces 34 | \\code{LCx} class. It plots the survival probability as a function of concentration. | ^ Flavors: r-devel-windows-x86_64, r-release-windows-x86_64