Last updated on 2024-04-17 22:59:59 CEST.
Flavor | Version | Tinstall | Tcheck | Ttotal | Status | Flags |
---|---|---|---|---|---|---|
r-devel-linux-x86_64-debian-clang | 0.6.4 | 116.52 | 134.35 | 250.87 | OK | |
r-devel-linux-x86_64-debian-gcc | 0.6.4 | 85.35 | 96.62 | 181.97 | OK | |
r-devel-linux-x86_64-fedora-clang | 0.6.4 | 351.63 | OK | |||
r-devel-linux-x86_64-fedora-gcc | 0.6.4 | 338.88 | OK | |||
r-prerel-macos-arm64 | 0.6.4 | 74.00 | NOTE | |||
r-prerel-windows-x86_64 | 0.6.4 | 88.00 | 135.00 | 223.00 | OK | |
r-patched-linux-x86_64 | 0.6.4 | 105.94 | 122.12 | 228.06 | OK | |
r-release-linux-x86_64 | 0.6.4 | 101.79 | 124.70 | 226.49 | OK | |
r-release-macos-arm64 | 0.6.4 | 70.00 | NOTE | |||
r-release-macos-x86_64 | 0.6.4 | 134.00 | NOTE | |||
r-release-windows-x86_64 | 0.6.4 | 107.00 | 166.00 | 273.00 | OK | |
r-oldrel-macos-arm64 | 0.6.4 | 72.00 | NOTE | |||
r-oldrel-windows-x86_64 | 0.6.4 | 105.00 | 165.00 | 270.00 | OK |
Version: 0.6.4
Check: installed package size
Result: NOTE
installed size is 6.2Mb
sub-directories of 1Mb or more:
libs 3.0Mb
raster 2.2Mb
Flavors: r-prerel-macos-arm64, r-release-macos-arm64, r-release-macos-x86_64, r-oldrel-macos-arm64