CRAN Package Check Results for Package mousetrap

Last updated on 2019-10-22 22:49:15 CEST.

Flavor Version Tinstall Tcheck Ttotal Status Flags
r-devel-linux-x86_64-debian-clang 3.1.3 109.39 86.03 195.42 OK
r-devel-linux-x86_64-debian-gcc 3.1.3 74.28 65.76 140.04 OK
r-devel-linux-x86_64-fedora-clang 3.1.3 262.04 NOTE
r-devel-linux-x86_64-fedora-gcc 3.1.3 243.29 OK
r-devel-windows-ix86+x86_64 3.1.3 165.00 207.00 372.00 OK
r-patched-linux-x86_64 3.1.3 82.95 83.03 165.98 OK
r-patched-solaris-x86 3.1.3 281.20 OK
r-release-linux-x86_64 3.1.3 81.82 84.19 166.01 OK
r-release-windows-ix86+x86_64 3.1.3 233.00 150.00 383.00 OK
r-release-osx-x86_64 3.1.3 OK
r-oldrel-windows-ix86+x86_64 3.1.3 215.00 194.00 409.00 OK
r-oldrel-osx-x86_64 3.1.3 OK

Check Details

Version: 3.1.3
Check: installed package size
Result: NOTE
     installed size is 5.7Mb
     sub-directories of 1Mb or more:
     data 2.0Mb
     libs 3.1Mb
Flavor: r-devel-linux-x86_64-fedora-clang