CRAN Package Check Results for Package mousetrap

Last updated on 2019-07-17 22:54:34 CEST.

Flavor Version Tinstall Tcheck Ttotal Status Flags
r-devel-linux-x86_64-debian-clang 3.1.2 93.59 87.79 181.38 OK
r-devel-linux-x86_64-debian-gcc 3.1.2 72.64 66.27 138.91 OK
r-devel-linux-x86_64-fedora-clang 3.1.2 259.32 NOTE
r-devel-linux-x86_64-fedora-gcc 3.1.2 237.10 OK
r-devel-windows-ix86+x86_64 3.1.2 229.00 140.00 369.00 OK
r-patched-linux-x86_64 3.1.2 86.25 85.92 172.17 OK
r-patched-solaris-x86 3.1.2 284.50 OK
r-release-linux-x86_64 3.1.2 84.45 86.89 171.34 OK
r-release-windows-ix86+x86_64 3.1.2 175.00 205.00 380.00 OK
r-release-osx-x86_64 3.1.2 OK
r-oldrel-windows-ix86+x86_64 3.1.2 185.00 196.00 381.00 OK
r-oldrel-osx-x86_64 3.1.2 OK

Check Details

Version: 3.1.2
Check: installed package size
Result: NOTE
     installed size is 5.3Mb
     sub-directories of 1Mb or more:
     data 2.0Mb
     libs 2.8Mb
Flavor: r-devel-linux-x86_64-fedora-clang