CRAN Package Check Results for Package movMF

Last updated on 2018-09-23 22:47:04 CEST.

Flavor Version Tinstall Tcheck Ttotal Status Flags
r-devel-linux-x86_64-debian-clang 0.2-3 3.56 42.52 46.08 NOTE
r-devel-linux-x86_64-debian-gcc 0.2-3 2.50 32.38 34.88 NOTE
r-devel-linux-x86_64-fedora-clang 0.2-3 53.64 NOTE
r-devel-linux-x86_64-fedora-gcc 0.2-3 52.25 NOTE
r-devel-windows-ix86+x86_64 0.2-3 12.00 75.00 87.00 NOTE
r-patched-linux-x86_64 0.2-3 3.32 39.96 43.28 NOTE
r-patched-solaris-x86 0.2-3 70.70 NOTE
r-release-linux-x86_64 0.2-3 3.31 40.53 43.84 NOTE
r-release-windows-ix86+x86_64 0.2-3 9.00 94.00 103.00 NOTE
r-release-osx-x86_64 0.2-3 NOTE
r-oldrel-windows-ix86+x86_64 0.2-3 8.00 80.00 88.00 OK
r-oldrel-osx-x86_64 0.2-3 NOTE

Check Details

Version: 0.2-3
Check: package dependencies
Result: NOTE
    Package suggested but not available for checking: ‘corpus.useR.2008.abstracts’
Flavors: r-devel-linux-x86_64-debian-clang, r-devel-linux-x86_64-debian-gcc, r-devel-linux-x86_64-fedora-clang, r-devel-linux-x86_64-fedora-gcc, r-devel-windows-ix86+x86_64, r-patched-linux-x86_64, r-patched-solaris-x86, r-release-linux-x86_64, r-release-windows-ix86+x86_64, r-release-osx-x86_64, r-oldrel-osx-x86_64