CRAN Package Check Results for Package movMF

Last updated on 2017-11-23 22:47:02 CET.

Flavor Version Tinstall Tcheck Ttotal Status Flags
r-devel-linux-x86_64-debian-clang 0.2-2 1.23 50.10 51.33 NOTE
r-devel-linux-x86_64-debian-gcc 0.2-2 1.62 80.25 81.87 NOTE
r-devel-linux-x86_64-fedora-clang 0.2-2 54.64 NOTE
r-devel-linux-x86_64-fedora-gcc 0.2-2 53.86 NOTE
r-devel-windows-ix86+x86_64 0.2-2 8.00 86.00 94.00 OK
r-patched-linux-x86_64 0.2-2 1.58 83.48 85.06 NOTE
r-patched-solaris-x86 0.2-2 75.80 NOTE
r-release-linux-x86_64 0.2-2 1.16 31.48 32.64 NOTE
r-release-windows-ix86+x86_64 0.2-2 7.00 57.00 64.00 OK
r-release-osx-x86_64 0.2-2 NOTE
r-oldrel-windows-ix86+x86_64 0.2-2 7.00 69.00 76.00 OK
r-oldrel-osx-x86_64 0.2-2 NOTE

Check Details

Version: 0.2-2
Check: package dependencies
Result: NOTE
    Package suggested but not available for checking: ‘corpus.useR.2008.abstracts’
Flavors: r-devel-linux-x86_64-debian-clang, r-devel-linux-x86_64-debian-gcc, r-devel-linux-x86_64-fedora-clang, r-devel-linux-x86_64-fedora-gcc, r-patched-linux-x86_64, r-patched-solaris-x86, r-release-linux-x86_64, r-release-osx-x86_64, r-oldrel-osx-x86_64