CRAN Package Check Results for Package movMF

Last updated on 2018-06-19 22:54:03 CEST.

Flavor Version Tinstall Tcheck Ttotal Status Flags
r-devel-linux-x86_64-debian-clang 0.2-2 3.33 42.06 45.39 NOTE
r-devel-linux-x86_64-debian-gcc 0.2-2 2.49 31.20 33.69 NOTE
r-devel-linux-x86_64-fedora-clang 0.2-2 54.13 NOTE
r-devel-linux-x86_64-fedora-gcc 0.2-2 52.92 NOTE
r-devel-windows-ix86+x86_64 0.2-2 12.00 92.00 104.00 NOTE
r-patched-linux-x86_64 0.2-2 3.55 39.97 43.52 NOTE
r-patched-solaris-x86 0.2-2 71.20 NOTE
r-release-linux-x86_64 0.2-2 3.23 39.60 42.83 NOTE
r-release-windows-ix86+x86_64 0.2-2 8.00 81.00 89.00 NOTE
r-release-osx-x86_64 0.2-2 NOTE
r-oldrel-windows-ix86+x86_64 0.2-2 8.00 83.00 91.00 OK
r-oldrel-osx-x86_64 0.2-2 NOTE

Check Details

Version: 0.2-2
Check: package dependencies
Result: NOTE
    Package suggested but not available for checking: ‘corpus.useR.2008.abstracts’
Flavors: r-devel-linux-x86_64-debian-clang, r-devel-linux-x86_64-debian-gcc, r-devel-linux-x86_64-fedora-clang, r-devel-linux-x86_64-fedora-gcc, r-devel-windows-ix86+x86_64, r-patched-linux-x86_64, r-patched-solaris-x86, r-release-linux-x86_64, r-release-windows-ix86+x86_64, r-release-osx-x86_64, r-oldrel-osx-x86_64