CRAN Package Check Results for Package movMF

Last updated on 2019-05-23 22:52:30 CEST.

Flavor Version Tinstall Tcheck Ttotal Status Flags
r-devel-linux-x86_64-debian-clang 0.2-4 4.13 48.45 52.58 NOTE
r-devel-linux-x86_64-debian-gcc 0.2-4 3.19 38.60 41.79 NOTE
r-devel-linux-x86_64-fedora-clang 0.2-4 61.57 NOTE
r-devel-linux-x86_64-fedora-gcc 0.2-4 59.13 NOTE
r-devel-windows-ix86+x86_64 0.2-4 11.00 95.00 106.00 NOTE
r-patched-linux-x86_64 0.2-4 4.08 47.54 51.62 NOTE
r-patched-solaris-x86 0.2-4 73.90 NOTE
r-release-linux-x86_64 0.2-4 4.13 47.55 51.68 NOTE
r-release-windows-ix86+x86_64 0.2-4 13.00 70.00 83.00 NOTE
r-release-osx-x86_64 0.2-4 NOTE
r-oldrel-windows-ix86+x86_64 0.2-4 9.00 59.00 68.00 NOTE
r-oldrel-osx-x86_64 0.2-4 NOTE

Check Details

Version: 0.2-4
Check: package dependencies
Result: NOTE
    Package suggested but not available for checking: 'corpus.useR.2008.abstracts'
Flavors: r-devel-linux-x86_64-debian-clang, r-devel-linux-x86_64-debian-gcc, r-devel-linux-x86_64-fedora-clang, r-devel-linux-x86_64-fedora-gcc, r-devel-windows-ix86+x86_64, r-patched-linux-x86_64, r-patched-solaris-x86, r-release-linux-x86_64, r-release-windows-ix86+x86_64, r-release-osx-x86_64, r-oldrel-windows-ix86+x86_64, r-oldrel-osx-x86_64