CRAN Package Check Results for Package movMF

Last updated on 2019-08-17 22:46:31 CEST.

Flavor Version Tinstall Tcheck Ttotal Status Flags
r-devel-linux-x86_64-debian-clang 0.2-4 4.51 51.12 55.63 NOTE
r-devel-linux-x86_64-debian-gcc 0.2-4 3.42 38.60 42.02 NOTE
r-devel-linux-x86_64-fedora-clang 0.2-4 67.47 NOTE
r-devel-linux-x86_64-fedora-gcc 0.2-4 65.80 NOTE
r-devel-windows-ix86+x86_64 0.2-4 17.00 90.00 107.00 NOTE
r-patched-linux-x86_64 0.2-4 3.83 49.33 53.16 NOTE
r-patched-solaris-x86 0.2-4 82.60 NOTE
r-release-linux-x86_64 0.2-4 3.92 48.96 52.88 NOTE
r-release-windows-ix86+x86_64 0.2-4 16.00 105.00 121.00 NOTE
r-release-osx-x86_64 0.2-4 NOTE
r-oldrel-windows-ix86+x86_64 0.2-4 14.00 91.00 105.00 NOTE
r-oldrel-osx-x86_64 0.2-4 NOTE

Check Details

Version: 0.2-4
Check: package dependencies
Result: NOTE
    Package suggested but not available for checking: 'corpus.useR.2008.abstracts'
Flavors: r-devel-linux-x86_64-debian-clang, r-devel-linux-x86_64-debian-gcc, r-devel-linux-x86_64-fedora-clang, r-devel-linux-x86_64-fedora-gcc, r-devel-windows-ix86+x86_64, r-patched-linux-x86_64, r-patched-solaris-x86, r-release-linux-x86_64, r-release-windows-ix86+x86_64, r-release-osx-x86_64, r-oldrel-windows-ix86+x86_64, r-oldrel-osx-x86_64