CRAN Package Check Results for Package move

Last updated on 2019-10-16 22:56:03 CEST.

Flavor Version Tinstall Tcheck Ttotal Status Flags
r-devel-linux-x86_64-debian-clang 3.2.2 34.04 257.48 291.52 OK
r-devel-linux-x86_64-debian-gcc 3.2.2 29.71 190.27 219.98 OK
r-devel-linux-x86_64-fedora-clang 3.2.2 347.08 OK
r-devel-linux-x86_64-fedora-gcc 3.2.2 342.69 OK
r-devel-windows-ix86+x86_64 3.2.2 74.00 399.00 473.00 NOTE
r-patched-linux-x86_64 3.2.2 33.60 247.29 280.89 OK
r-patched-solaris-x86 3.2.2 404.60 OK
r-release-linux-x86_64 3.2.2 33.02 247.96 280.98 OK
r-release-windows-ix86+x86_64 3.2.2 56.00 558.00 614.00 NOTE
r-release-osx-x86_64 3.2.2 OK
r-oldrel-windows-ix86+x86_64 3.2.2 47.00 378.00 425.00 NOTE
r-oldrel-osx-x86_64 3.2.2 OK

Check Details

Version: 3.2.2
Check: installed package size
Result: NOTE
     installed size is 5.1Mb
     sub-directories of 1Mb or more:
     R 1.0Mb
     data 1.6Mb
     libs 1.4Mb
Flavors: r-devel-windows-ix86+x86_64, r-release-windows-ix86+x86_64, r-oldrel-windows-ix86+x86_64