CRAN Package Check Results for Package move

Last updated on 2022-11-30 21:53:54 CET.

Flavor Version Tinstall Tcheck Ttotal Status Flags
r-devel-linux-x86_64-debian-clang 4.1.10 70.79 525.96 596.75 OK
r-devel-linux-x86_64-debian-gcc 4.1.10 53.83 383.13 436.96 OK
r-devel-linux-x86_64-fedora-clang 4.1.10 760.82 OK
r-devel-linux-x86_64-fedora-gcc 4.1.10 722.76 OK
r-devel-windows-x86_64 4.1.10 126.00 625.00 751.00 OK
r-patched-linux-x86_64 4.1.10 70.43 498.84 569.27 OK
r-release-linux-x86_64 4.1.10 65.42 488.82 554.24 OK
r-release-macos-arm64 4.1.10 179.00 NOTE
r-release-macos-x86_64 4.1.10 216.00 OK
r-release-windows-x86_64 4.1.10 133.00 607.00 740.00 OK
r-oldrel-macos-arm64 4.1.10 175.00 NOTE
r-oldrel-macos-x86_64 4.1.10 213.00 OK
r-oldrel-windows-ix86+x86_64 4.1.10 126.00 829.00 955.00 NOTE

Check Details

Version: 4.1.10
Check: installed package size
Result: NOTE
     installed size is 5.4Mb
     sub-directories of 1Mb or more:
     R 2.0Mb
Flavors: r-release-macos-arm64, r-oldrel-macos-arm64, r-oldrel-windows-ix86+x86_64