CRAN Package Check Results for Package move

Last updated on 2019-07-17 22:54:34 CEST.

Flavor Version Tinstall Tcheck Ttotal Status Flags
r-devel-linux-x86_64-debian-clang 3.2.0 35.18 256.68 291.86 OK
r-devel-linux-x86_64-debian-gcc 3.2.0 29.74 196.07 225.81 OK
r-devel-linux-x86_64-fedora-clang 3.2.0 342.83 OK
r-devel-linux-x86_64-fedora-gcc 3.2.0 341.81 OK
r-devel-windows-ix86+x86_64 3.2.0 72.00 398.00 470.00 NOTE
r-patched-linux-x86_64 3.2.0 32.43 252.74 285.17 OK
r-patched-solaris-x86 3.2.0 434.70 OK
r-release-linux-x86_64 3.2.0 34.21 254.39 288.60 OK
r-release-windows-ix86+x86_64 3.2.0 54.00 428.00 482.00 NOTE
r-release-osx-x86_64 3.2.0 OK
r-oldrel-windows-ix86+x86_64 3.2.0 43.00 513.00 556.00 NOTE
r-oldrel-osx-x86_64 3.2.0 OK

Check Details

Version: 3.2.0
Check: installed package size
Result: NOTE
     installed size is 5.2Mb
     sub-directories of 1Mb or more:
     R 1.0Mb
     data 1.6Mb
     libs 1.4Mb
Flavors: r-devel-windows-ix86+x86_64, r-release-windows-ix86+x86_64, r-oldrel-windows-ix86+x86_64