CRAN Package Check Results for Package mpbart

Last updated on 2019-07-23 22:48:52 CEST.

Flavor Version Tinstall Tcheck Ttotal Status Flags
r-devel-linux-x86_64-debian-clang 0.2 11.04 35.01 46.05 OK
r-devel-linux-x86_64-debian-gcc 0.2 8.00 29.26 37.26 OK
r-devel-linux-x86_64-fedora-clang 0.2 70.10 NOTE
r-devel-linux-x86_64-fedora-gcc 0.2 65.07 NOTE
r-devel-windows-ix86+x86_64 0.2 27.00 103.00 130.00 OK
r-patched-linux-x86_64 0.2 10.00 35.74 45.74 OK
r-patched-solaris-x86 0.2 110.90 OK
r-release-linux-x86_64 0.2 10.41 36.35 46.76 OK
r-release-windows-ix86+x86_64 0.2 26.00 68.00 94.00 OK
r-release-osx-x86_64 0.2 OK
r-oldrel-windows-ix86+x86_64 0.2 34.00 64.00 98.00 OK
r-oldrel-osx-x86_64 0.2 OK

Check Details

Version: 0.2
Check: compiled code
Result: NOTE
    File ‘mpbart/libs/mpbart.so’:
     Found no calls to: ‘R_registerRoutines’, ‘R_useDynamicSymbols’
    
    It is good practice to register native routines and to disable symbol
    search.
    
    See ‘Writing portable packages’ in the ‘Writing R Extensions’ manual.
Flavors: r-devel-linux-x86_64-fedora-clang, r-devel-linux-x86_64-fedora-gcc