CRAN Package Check Results for Package mpbart

Last updated on 2019-12-11 22:51:14 CET.

Flavor Version Tinstall Tcheck Ttotal Status Flags
r-devel-linux-x86_64-debian-clang 0.2 13.51 35.79 49.30 OK
r-devel-linux-x86_64-debian-gcc 0.2 8.94 31.24 40.18 OK
r-devel-linux-x86_64-fedora-clang 0.2 67.48 NOTE
r-devel-linux-x86_64-fedora-gcc 0.2 58.73 NOTE
r-devel-windows-ix86+x86_64 0.2 28.00 105.00 133.00 OK
r-devel-windows-ix86+x86_64-gcc8 0.2 27.00 106.00 133.00 OK
r-patched-linux-x86_64 0.2 9.83 35.24 45.07 OK
r-patched-solaris-x86 0.2 99.20 OK
r-release-linux-x86_64 0.2 9.54 35.33 44.87 OK
r-release-windows-ix86+x86_64 0.2 29.00 78.00 107.00 OK
r-release-osx-x86_64 0.2 OK
r-oldrel-windows-ix86+x86_64 0.2 20.00 63.00 83.00 OK
r-oldrel-osx-x86_64 0.2 OK

Check Details

Version: 0.2
Check: compiled code
Result: NOTE
    File ‘mpbart/libs/mpbart.so’:
     Found no calls to: ‘R_registerRoutines’, ‘R_useDynamicSymbols’
    
    It is good practice to register native routines and to disable symbol
    search.
    
    See ‘Writing portable packages’ in the ‘Writing R Extensions’ manual.
Flavors: r-devel-linux-x86_64-fedora-clang, r-devel-linux-x86_64-fedora-gcc