Last updated on 2023-12-06 23:12:06 CET.
Flavor | Version | Tinstall | Tcheck | Ttotal | Status | Flags |
---|---|---|---|---|---|---|
r-devel-linux-x86_64-debian-clang | 5.0.1 | 60.56 | 198.27 | 258.83 | NOTE | |
r-devel-linux-x86_64-debian-gcc | 5.0.1 | 44.90 | 146.79 | 191.69 | NOTE | |
r-devel-linux-x86_64-fedora-clang | 5.0.1 | 322.08 | OK | |||
r-devel-linux-x86_64-fedora-gcc | 5.0.1 | 304.37 | OK | |||
r-devel-windows-x86_64 | 5.0.1 | 48.00 | 175.00 | 223.00 | OK | |
r-patched-linux-x86_64 | 5.0.1 | 49.16 | 187.21 | 236.37 | OK | |
r-release-linux-x86_64 | 5.0.1 | 51.93 | 191.87 | 243.80 | OK | |
r-release-macos-arm64 | 5.0.1 | 90.00 | OK | |||
r-release-macos-x86_64 | 5.0.1 | 162.00 | OK | |||
r-release-windows-x86_64 | 5.0.1 | 65.00 | 219.00 | 284.00 | OK | |
r-oldrel-macos-arm64 | 5.0.1 | 86.00 | OK | |||
r-oldrel-macos-x86_64 | 5.0.1 | 171.00 | OK | |||
r-oldrel-windows-x86_64 | 5.0.1 | 60.00 | 228.00 | 288.00 | OK |
Version: 5.0.1
Check: Rd files
Result: NOTE
checkRd: (-1) MultiManhattan.Rd:33: Lost braces; missing escapes or markup?
33 | \item{LogTimes}{Magnification of {-log10(P-value)}; the default is
| ^
checkRd: (-1) MultiManhattan.Rd:35: Lost braces; missing escapes or markup?
35 | \item{LODTimes}{Magnification of {LOD score}; the default is 1.2.}
| ^
Flavors: r-devel-linux-x86_64-debian-clang, r-devel-linux-x86_64-debian-gcc