CRAN Package Check Results for Package msaenet

Last updated on 2023-06-09 22:58:33 CEST.

Flavor Version Tinstall Tcheck Ttotal Status Flags
r-devel-linux-x86_64-debian-clang 3.1 11.52 145.16 156.68 NOTE
r-devel-linux-x86_64-debian-gcc 3.1 7.69 110.25 117.94 NOTE
r-devel-linux-x86_64-fedora-clang 3.1 187.95 NOTE
r-devel-linux-x86_64-fedora-gcc 3.1 208.06 NOTE
r-devel-windows-x86_64 3.1 9.00 131.00 140.00 NOTE
r-patched-linux-x86_64 3.1 9.02 140.78 149.80 NOTE
r-release-linux-x86_64 3.1 8.23 140.56 148.79 NOTE
r-release-macos-arm64 3.1 68.00 NOTE
r-release-macos-x86_64 3.1 114.00 NOTE
r-release-windows-x86_64 3.1 12.00 155.00 167.00 NOTE
r-oldrel-macos-arm64 3.1 56.00 NOTE
r-oldrel-macos-x86_64 3.1 79.00 NOTE
r-oldrel-windows-x86_64 3.1 13.00 160.00 173.00 NOTE

Check Details

Version: 3.1
Check: LazyData
Result: NOTE
     'LazyData' is specified without a 'data' directory
Flavors: r-devel-linux-x86_64-debian-clang, r-devel-linux-x86_64-debian-gcc, r-devel-linux-x86_64-fedora-clang, r-devel-linux-x86_64-fedora-gcc, r-devel-windows-x86_64, r-patched-linux-x86_64, r-release-linux-x86_64, r-release-macos-arm64, r-release-macos-x86_64, r-release-windows-x86_64, r-oldrel-macos-arm64, r-oldrel-macos-x86_64, r-oldrel-windows-x86_64