CRAN Package Check Results for Package multcomp

Last updated on 2017-06-26 22:46:35.

Flavor Version Tinstall Tcheck Ttotal Status Flags
r-devel-linux-x86_64-debian-clang 1.4-6 2.67 108.71 111.38 OK
r-devel-linux-x86_64-debian-gcc 1.4-6 2.73 108.74 111.47 OK
r-devel-linux-x86_64-fedora-clang 1.4-6 238.74 OK
r-devel-linux-x86_64-fedora-gcc 1.4-6 232.29 OK
r-devel-windows-ix86+x86_64 1.4-6 13.00 179.00 192.00 OK
r-patched-linux-x86_64 1.4-6 2.90 107.30 110.20 OK
r-patched-solaris-sparc 1.4-6 1376.70 OK
r-patched-solaris-x86 1.4-6 294.50 OK
r-release-linux-x86_64 1.4-6 2.70 103.17 105.87 OK
r-release-windows-ix86+x86_64 1.4-6 10.00 238.00 248.00 OK
r-release-osx-x86_64 1.4-6 NOTE
r-oldrel-windows-ix86+x86_64 1.4-6 11.00 212.00 223.00 OK
r-oldrel-osx-x86_64 1.4-6 OK

Check Details

Version: 1.4-6
Check: re-building of vignette outputs
Result: NOTE
    Error in re-building vignettes:
     ...
     Completion with error > abseps
    Warning in RET$pfunction("adjusted", ...) :
     Completion with error > abseps
    Warning in RET$pfunction("adjusted", ...) :
     Completion with error > abseps
    Warning in RET$pfunction("adjusted", ...) :
     Completion with error > abseps
    Warning in RET$pfunction("adjusted", ...) :
     Completion with error > abseps
    Error in texi2dvi(file = file, pdf = TRUE, clean = clean, quiet = quiet, :
     Running 'texi2dvi' on 'chfls1.tex' failed.
    LaTeX errors:
    ! LaTeX Error: File `utf8x.def' not found.
    
    Type X to quit or <RETURN> to proceed,
    or enter new name. (Default extension: def)
    
    ! Emergency stop.
    <read *>
    
    l.158 \endinput
     ^^M
    ! ==> Fatal error occurred, no output PDF file produced!
    Calls: buildVignettes -> texi2pdf -> texi2dvi
    Execution halted
Flavor: r-release-osx-x86_64