CRAN Package Check Results for Package multcomp

Last updated on 2017-10-20 22:48:15.

Flavor Version Tinstall Tcheck Ttotal Status Flags
r-devel-linux-x86_64-debian-clang 1.4-7 2.87 106.46 109.33 OK
r-devel-linux-x86_64-debian-gcc 1.4-7 3.49 103.82 107.31 OK
r-devel-linux-x86_64-fedora-clang 1.4-7 226.33 OK
r-devel-linux-x86_64-fedora-gcc 1.4-7 218.60 OK
r-devel-windows-ix86+x86_64 1.4-7 9.00 257.00 266.00 OK
r-patched-linux-x86_64 1.4-7 3.11 107.15 110.26 OK
r-patched-solaris-x86 1.4-7 297.60 OK
r-release-linux-x86_64 1.4-7 2.94 107.30 110.24 OK
r-release-windows-ix86+x86_64 1.4-7 12.00 234.00 246.00 OK
r-release-osx-x86_64 1.4-7 NOTE
r-oldrel-windows-ix86+x86_64 1.4-7 9.00 222.00 231.00 OK
r-oldrel-osx-x86_64 1.4-7 OK

Check Details

Version: 1.4-7
Check: re-building of vignette outputs
Result: NOTE
    Error in re-building vignettes:
     ...
    
    Warning in RET$pfunction("adjusted", ...) :
     Completion with error > abseps
    Warning in RET$pfunction("adjusted", ...) :
     Completion with error > abseps
    Warning in RET$pfunction("adjusted", ...) :
     Completion with error > abseps
    Warning in RET$pfunction("adjusted", ...) :
     Completion with error > abseps
    Error in texi2dvi(file = file, pdf = TRUE, clean = clean, quiet = quiet, :
     Running 'texi2dvi' on 'chfls1.tex' failed.
    LaTeX errors:
    ! LaTeX Error: File `utf8x.def' not found.
    
    Type X to quit or <RETURN> to proceed,
    or enter new name. (Default extension: def)
    
    ! Emergency stop.
    <read *>
    
    l.158 \endinput
     ^^M
    ! ==> Fatal error occurred, no output PDF file produced!
    Calls: buildVignettes -> texi2pdf -> texi2dvi
    Execution halted
Flavor: r-release-osx-x86_64