CRAN Package Check Results for Package multcomp

Last updated on 2018-08-17 22:52:52 CEST.

Flavor Version Tinstall Tcheck Ttotal Status Flags
r-devel-linux-x86_64-debian-clang 1.4-8 7.74 161.56 169.30 OK
r-devel-linux-x86_64-debian-gcc 1.4-8 6.54 122.12 128.66 OK
r-devel-linux-x86_64-fedora-clang 1.4-8 202.00 OK
r-devel-linux-x86_64-fedora-gcc 1.4-8 200.08 OK
r-devel-windows-ix86+x86_64 1.4-8 20.00 236.00 256.00 OK
r-patched-linux-x86_64 1.4-8 5.31 143.56 148.87 OK
r-patched-solaris-x86 1.4-8 280.90 OK
r-release-linux-x86_64 1.4-8 5.60 143.83 149.43 OK
r-release-windows-ix86+x86_64 1.4-8 17.00 210.00 227.00 OK
r-release-osx-x86_64 1.4-8 ERROR
r-oldrel-windows-ix86+x86_64 1.4-8 10.00 175.00 185.00 OK
r-oldrel-osx-x86_64 1.4-8 OK

Check Details

Version: 1.4-8
Check: running R code from vignettes
Result: ERROR
    Errors in running code in vignettes:
    when running code in ‘chfls1.Rnw’
     ...
    
    > library("xtable")
    
    > library("car")
    Loading required package: carData
    
     When sourcing ‘chfls1.R’:
    Error: package or namespace load failed for ‘car’ in library.dynam(lib, package, package.lib):
     shared object ‘readxl.so’ not found
    Execution halted
Flavor: r-release-osx-x86_64

Version: 1.4-8
Check: re-building of vignette outputs
Result: NOTE
    Error in re-building vignettes:
     ...
    Loading required package: carData
    
    Error: processing vignette 'chfls1.Rnw' failed with diagnostics:
     chunk 1 (label = setup)
    Error : package or namespace load failed for ‘car’ in library.dynam(lib, package, package.lib):
     shared object ‘readxl.so’ not found
    Execution halted
Flavor: r-release-osx-x86_64