CRAN Package Check Results for Package multcomp

Last updated on 2017-05-22 21:48:19.

Flavor Version Tinstall Tcheck Ttotal Status Flags
r-devel-linux-x86_64-debian-clang 1.4-6 3.12 109.11 112.24 OK
r-devel-linux-x86_64-debian-gcc 1.4-6 2.78 106.14 108.92 OK
r-devel-linux-x86_64-fedora-clang 1.4-6 238.40 OK --no-stop-on-test-error
r-devel-linux-x86_64-fedora-gcc 1.4-6 230.84 OK --no-stop-on-test-error
r-devel-windows-ix86+x86_64 1.4-6 12.00 175.00 187.00 OK
r-patched-linux-x86_64 1.4-6 2.83 105.82 108.65 OK
r-patched-solaris-sparc 1.4-6 1376.70 OK
r-patched-solaris-x86 1.4-6 292.40 OK
r-release-linux-x86_64 1.4-6 2.89 103.64 106.53 OK
r-release-windows-ix86+x86_64 1.4-6 10.00 249.00 259.00 OK
r-release-osx-x86_64 1.4-6 NOTE
r-oldrel-windows-ix86+x86_64 1.4-6 12.00 214.00 226.00 OK
r-oldrel-osx-x86_64 1.4-6 OK

Check Details

Version: 1.4-6
Check: re-building of vignette outputs
Result: NOTE
    Error in re-building vignettes:
     ...
     Completion with error > abseps
    Warning in RET$pfunction("adjusted", ...) :
     Completion with error > abseps
    Warning in RET$pfunction("adjusted", ...) :
     Completion with error > abseps
    Warning in RET$pfunction("adjusted", ...) :
     Completion with error > abseps
    Warning in RET$pfunction("adjusted", ...) :
     Completion with error > abseps
    Error in texi2dvi(file = file, pdf = TRUE, clean = clean, quiet = quiet, :
     Running 'texi2dvi' on 'chfls1.tex' failed.
    LaTeX errors:
    ! LaTeX Error: File `utf8x.def' not found.
    
    Type X to quit or <RETURN> to proceed,
    or enter new name. (Default extension: def)
    
    ! Emergency stop.
    <read *>
    
    l.158 \endinput
     ^^M
    ! ==> Fatal error occurred, no output PDF file produced!
    Calls: buildVignettes -> texi2pdf -> texi2dvi
    Execution halted
Flavor: r-release-osx-x86_64