CRAN Package Check Results for Package multcomp

Last updated on 2019-01-15 22:50:16 CET.

Flavor Version Tinstall Tcheck Ttotal Status Flags
r-devel-linux-x86_64-debian-clang 1.4-8 6.95 158.04 164.99 OK
r-devel-linux-x86_64-debian-gcc 1.4-8 4.45 116.62 121.07 OK
r-devel-linux-x86_64-fedora-clang 1.4-8 195.48 OK
r-devel-linux-x86_64-fedora-gcc 1.4-8 185.40 OK
r-devel-windows-ix86+x86_64 1.4-8 11.00 228.00 239.00 OK
r-patched-linux-x86_64 1.4-8 6.75 142.69 149.44 OK
r-patched-solaris-x86 1.4-8 272.70 OK
r-release-linux-x86_64 1.4-8 6.74 143.42 150.16 OK
r-release-windows-ix86+x86_64 1.4-8 18.00 169.00 187.00 OK
r-release-osx-x86_64 1.4-8 ERROR
r-oldrel-windows-ix86+x86_64 1.4-8 9.00 178.00 187.00 OK
r-oldrel-osx-x86_64 1.4-8 OK

Check Details

Version: 1.4-8
Check: running R code from vignettes
Result: ERROR
    Errors in running code in vignettes:
    when running code in ‘chfls1.Rnw’
     ...
    
    > library("xtable")
    
    > library("car")
    Loading required package: carData
    
     When sourcing ‘chfls1.R’:
    Error: package or namespace load failed for ‘car’ in library.dynam(lib, package, package.lib):
     shared object ‘readxl.so’ not found
    Execution halted
Flavor: r-release-osx-x86_64

Version: 1.4-8
Check: re-building of vignette outputs
Result: NOTE
    Error in re-building vignettes:
     ...
    Loading required package: carData
    
    Error: processing vignette 'chfls1.Rnw' failed with diagnostics:
     chunk 1 (label = setup)
    Error : package or namespace load failed for ‘car’ in library.dynam(lib, package, package.lib):
     shared object ‘readxl.so’ not found
    Execution halted
Flavor: r-release-osx-x86_64