CRAN Package Check Results for Package multcomp

Last updated on 2017-08-20 22:46:26.

Flavor Version Tinstall Tcheck Ttotal Status Flags
r-devel-linux-x86_64-debian-clang 1.4-6 2.64 105.50 108.14 OK
r-devel-linux-x86_64-debian-gcc 1.4-6 2.70 103.99 106.68 OK
r-devel-linux-x86_64-fedora-clang 1.4-6 236.37 OK
r-devel-linux-x86_64-fedora-gcc 1.4-6 233.91 OK
r-devel-windows-ix86+x86_64 1.4-6 9.00 180.00 189.00 OK
r-patched-linux-x86_64 1.4-6 3.01 103.88 106.89 OK
r-patched-solaris-x86 1.4-6 297.70 OK
r-release-linux-x86_64 1.4-6 2.74 106.10 108.84 OK
r-release-windows-ix86+x86_64 1.4-6 15.00 182.00 197.00 OK
r-release-osx-x86_64 1.4-6 NOTE
r-oldrel-windows-ix86+x86_64 1.4-6 8.00 161.00 169.00 OK
r-oldrel-osx-x86_64 1.4-6 OK

Check Details

Version: 1.4-6
Check: re-building of vignette outputs
Result: NOTE
    Error in re-building vignettes:
     ...
     Completion with error > abseps
    Warning in RET$pfunction("adjusted", ...) :
     Completion with error > abseps
    Warning in RET$pfunction("adjusted", ...) :
     Completion with error > abseps
    Warning in RET$pfunction("adjusted", ...) :
     Completion with error > abseps
    Warning in RET$pfunction("adjusted", ...) :
     Completion with error > abseps
    Error in texi2dvi(file = file, pdf = TRUE, clean = clean, quiet = quiet, :
     Running 'texi2dvi' on 'chfls1.tex' failed.
    LaTeX errors:
    ! LaTeX Error: File `utf8x.def' not found.
    
    Type X to quit or <RETURN> to proceed,
    or enter new name. (Default extension: def)
    
    ! Emergency stop.
    <read *>
    
    l.158 \endinput
     ^^M
    ! ==> Fatal error occurred, no output PDF file produced!
    Calls: buildVignettes -> texi2pdf -> texi2dvi
    Execution halted
Flavor: r-release-osx-x86_64