CRAN Package Check Results for Package multcomp

Last updated on 2018-05-25 22:47:51 CEST.

Flavor Version Tinstall Tcheck Ttotal Status Flags
r-devel-linux-x86_64-debian-clang 1.4-8 8.15 162.86 171.01 OK
r-devel-linux-x86_64-debian-gcc 1.4-8 6.21 119.83 126.04 OK
r-devel-linux-x86_64-fedora-clang 1.4-8 209.64 OK
r-devel-linux-x86_64-fedora-gcc 1.4-8 200.18 OK
r-devel-windows-ix86+x86_64 1.4-8 14.00 170.00 184.00 OK
r-patched-linux-x86_64 1.4-8 5.83 142.90 148.73 OK
r-patched-solaris-x86 1.4-8 273.20 OK
r-release-linux-x86_64 1.4-8 5.79 142.95 148.74 OK
r-release-windows-ix86+x86_64 1.4-8 15.00 226.00 241.00 OK
r-release-osx-x86_64 1.4-8 ERROR
r-oldrel-windows-ix86+x86_64 1.4-8 13.00 174.00 187.00 OK
r-oldrel-osx-x86_64 1.4-8 OK

Check Details

Version: 1.4-8
Check: running R code from vignettes
Result: ERROR
    Errors in running code in vignettes:
    when running code in ‘chfls1.Rnw’
     ...
    
    > library("xtable")
    
    > library("car")
    Loading required package: carData
    
     When sourcing ‘chfls1.R’:
    Error: package or namespace load failed for ‘car’ in library.dynam(lib, package, package.lib):
     shared object ‘readxl.so’ not found
    Execution halted
Flavor: r-release-osx-x86_64

Version: 1.4-8
Check: re-building of vignette outputs
Result: NOTE
    Error in re-building vignettes:
     ...
    Loading required package: carData
    
    Error: processing vignette 'chfls1.Rnw' failed with diagnostics:
     chunk 1 (label = setup)
    Error : package or namespace load failed for ‘car’ in library.dynam(lib, package, package.lib):
     shared object ‘readxl.so’ not found
    Execution halted
Flavor: r-release-osx-x86_64