CRAN Package Check Results for Package multcomp

Last updated on 2017-04-22 22:47:21.

Flavor Version Tinstall Tcheck Ttotal Status Flags
r-devel-linux-x86_64-debian-clang 1.4-6 2.91 108.05 110.96 OK
r-devel-linux-x86_64-debian-gcc 1.4-6 2.82 108.53 111.35 OK
r-devel-linux-x86_64-fedora-clang 1.4-6 242.85 OK --no-stop-on-test-error
r-devel-linux-x86_64-fedora-gcc 1.4-6 233.06 OK --no-stop-on-test-error
r-devel-windows-ix86+x86_64 1.4-6 14.00 248.00 262.00 OK
r-patched-linux-x86_64 1.4-6 2.74 105.85 108.60 OK
r-patched-solaris-sparc 1.4-6 1376.70 OK
r-patched-solaris-x86 1.4-6 293.50 OK
r-release-linux-x86_64 1.4-6 2.90 107.32 110.22 OK
r-release-windows-ix86+x86_64 1.4-6 14.00 248.00 262.00 OK
r-release-osx-x86_64 1.4-6 NOTE
r-oldrel-windows-ix86+x86_64 1.4-6 9.00 173.00 182.00 OK
r-oldrel-osx-x86_64 1.4-6 OK

Check Details

Version: 1.4-6
Check: re-building of vignette outputs
Result: NOTE
    Error in re-building vignettes:
     ...
     Completion with error > abseps
    Warning in RET$pfunction("adjusted", ...) :
     Completion with error > abseps
    Warning in RET$pfunction("adjusted", ...) :
     Completion with error > abseps
    Warning in RET$pfunction("adjusted", ...) :
     Completion with error > abseps
    Warning in RET$pfunction("adjusted", ...) :
     Completion with error > abseps
    Error in texi2dvi(file = file, pdf = TRUE, clean = clean, quiet = quiet, :
     Running 'texi2dvi' on 'chfls1.tex' failed.
    LaTeX errors:
    ! LaTeX Error: File `utf8x.def' not found.
    
    Type X to quit or <RETURN> to proceed,
    or enter new name. (Default extension: def)
    
    ! Emergency stop.
    <read *>
    
    l.158 \endinput
     ^^M
    ! ==> Fatal error occurred, no output PDF file produced!
    Calls: buildVignettes -> texi2pdf -> texi2dvi
    Execution halted
Flavor: r-release-osx-x86_64