Last updated on 2024-03-27 22:57:51 CET.
Flavor | Version | Tinstall | Tcheck | Ttotal | Status | Flags |
---|---|---|---|---|---|---|
r-devel-linux-x86_64-debian-clang | 0.4.3 | 20.41 | 213.08 | 233.49 | OK | |
r-devel-linux-x86_64-debian-gcc | 0.4.3 | 16.57 | 161.20 | 177.77 | OK | |
r-devel-linux-x86_64-fedora-clang | 0.4.3 | 313.52 | OK | |||
r-devel-linux-x86_64-fedora-gcc | 0.4.3 | 317.32 | OK | |||
r-devel-windows-x86_64 | 0.4.3 | 18.00 | 163.00 | 181.00 | OK | |
r-patched-linux-x86_64 | 0.4.3 | 13.11 | 203.18 | 216.29 | OK | |
r-release-linux-x86_64 | 0.4.3 | 12.61 | 180.89 | 193.50 | OK | |
r-release-macos-arm64 | 0.4.3 | 210.00 | NOTE | |||
r-release-macos-x86_64 | 0.4.3 | 378.00 | NOTE | |||
r-release-windows-x86_64 | 0.4.3 | 23.00 | 203.00 | 226.00 | OK | |
r-oldrel-macos-arm64 | 0.4.3 | 98.00 | OK | |||
r-oldrel-windows-x86_64 | 0.4.3 | 24.00 | 216.00 | 240.00 | OK |
Version: 0.4.3
Check: package dependencies
Result: NOTE
Packages suggested but not available for checking:
'switchBox', 'leukemiasEset'
Flavors: r-release-macos-arm64, r-release-macos-x86_64