CRAN Package Check Results for Package multifluo

Last updated on 2020-01-17 22:50:58 CET.

Flavor Version Tinstall Tcheck Ttotal Status Flags
r-devel-linux-x86_64-debian-clang 1.1 12.41 116.49 128.90 OK
r-devel-linux-x86_64-debian-gcc 1.1 10.67 89.48 100.15 WARN
r-devel-linux-x86_64-fedora-clang 1.1 168.55 WARN
r-devel-linux-x86_64-fedora-gcc 1.1 154.72 OK
r-devel-windows-ix86+x86_64 1.1 49.00 214.00 263.00 OK
r-devel-windows-ix86+x86_64-gcc8 1.1 34.00 185.00 219.00 OK
r-patched-linux-x86_64 1.1 11.37 106.02 117.39 OK
r-patched-solaris-x86 1.1 240.90 OK
r-release-linux-x86_64 1.1 12.35 105.83 118.18 OK
r-release-windows-ix86+x86_64 1.1 45.00 123.00 168.00 OK
r-release-osx-x86_64 1.1 OK
r-oldrel-windows-ix86+x86_64 1.1 26.00 103.00 129.00 OK
r-oldrel-osx-x86_64 1.1 OK

Check Details

Version: 1.1
Check: package dependencies
Result: WARN
    Requires orphaned package: ‘imager’
Flavors: r-devel-linux-x86_64-debian-gcc, r-devel-linux-x86_64-fedora-clang