CRAN Package Check Results for Package multilevelTools

Last updated on 2021-04-16 22:51:05 CEST.

Flavor Version Tinstall Tcheck Ttotal Status Flags
r-devel-linux-x86_64-debian-clang 0.1.1 16.96 232.56 249.52 NOTE
r-devel-linux-x86_64-debian-gcc 0.1.1 15.98 170.95 186.93 NOTE
r-devel-linux-x86_64-fedora-clang 0.1.1 298.64 NOTE
r-devel-linux-x86_64-fedora-gcc 0.1.1 293.44 NOTE
r-devel-windows-ix86+x86_64 0.1.1 50.00 5.00 55.00 ERROR
r-devel-windows-x86_64-gcc10-UCRT 0.1.1 NOTE
r-patched-linux-x86_64 0.1.1 20.72 213.43 234.15 OK
r-patched-solaris-x86 0.1.1 425.70 OK
r-release-linux-x86_64 0.1.1 19.97 213.88 233.85 OK
r-release-macos-x86_64 0.1.1 OK
r-release-windows-ix86+x86_64 0.1.1 49.00 276.00 325.00 OK
r-oldrel-macos-x86_64 0.1.1 OK
r-oldrel-windows-ix86+x86_64 0.1.1 30.00 255.00 285.00 OK

Check Details

Version: 0.1.1
Check: LazyData
Result: NOTE
     'LazyData' is specified without a 'data' directory
Flavors: r-devel-linux-x86_64-debian-clang, r-devel-linux-x86_64-debian-gcc, r-devel-linux-x86_64-fedora-clang, r-devel-linux-x86_64-fedora-gcc, r-devel-windows-x86_64-gcc10-UCRT

Version: 0.1.1
Check: whether package can be installed
Result: ERROR
    Installation failed.
Flavor: r-devel-windows-ix86+x86_64