CRAN Package Check Results for Package multimark

Last updated on 2019-09-14 22:48:31 CEST.

Flavor Version Tinstall Tcheck Ttotal Status Flags
r-devel-linux-x86_64-debian-clang 2.1.0 22.76 141.05 163.81 OK
r-devel-linux-x86_64-debian-gcc 2.1.0 21.82 110.96 132.78 OK
r-devel-linux-x86_64-fedora-clang 2.1.0 196.45 NOTE
r-devel-linux-x86_64-fedora-gcc 2.1.0 212.38 NOTE
r-devel-windows-ix86+x86_64 2.1.0 68.00 262.00 330.00 OK
r-patched-linux-x86_64 2.1.0 22.14 140.02 162.16 OK
r-release-linux-x86_64 2.1.0 21.72 139.18 160.90 OK
r-release-windows-ix86+x86_64 2.1.0 51.00 254.00 305.00 OK
r-release-osx-x86_64 2.1.0 NOTE
r-oldrel-windows-ix86+x86_64 2.1.0 47.00 169.00 216.00 OK
r-oldrel-osx-x86_64 2.1.0 NOTE

Additional issues

MKL

Check Details

Version: 2.1.0
Check: dependencies in R code
Result: NOTE
    Namespaces in Imports field not imported from:
     ‘doParallel’ ‘doRNG’ ‘foreach’
     All declared Imports should be used.
Flavors: r-devel-linux-x86_64-fedora-clang, r-devel-linux-x86_64-fedora-gcc, r-release-osx-x86_64, r-oldrel-osx-x86_64