CRAN Package Check Results for Package multimark

Last updated on 2019-06-18 22:50:31 CEST.

Flavor Version Tinstall Tcheck Ttotal Status Flags
r-devel-linux-x86_64-debian-clang 2.1.0 22.88 139.44 162.32 OK
r-devel-linux-x86_64-debian-gcc 2.1.0 20.75 110.85 131.60 OK
r-devel-linux-x86_64-fedora-clang 2.1.0 194.11 NOTE
r-devel-linux-x86_64-fedora-gcc 2.1.0 182.97 NOTE
r-devel-windows-ix86+x86_64 2.1.0 70.00 259.00 329.00 OK
r-patched-linux-x86_64 2.1.0 23.21 140.27 163.48 OK
r-release-linux-x86_64 2.1.0 23.05 141.38 164.43 OK
r-release-windows-ix86+x86_64 2.1.0 63.00 249.00 312.00 OK
r-release-osx-x86_64 2.1.0 NOTE
r-oldrel-windows-ix86+x86_64 2.1.0 31.00 234.00 265.00 OK
r-oldrel-osx-x86_64 2.1.0 NOTE

Additional issues

MKL

Check Details

Version: 2.1.0
Check: dependencies in R code
Result: NOTE
    Namespaces in Imports field not imported from:
     ‘doParallel’ ‘doRNG’ ‘foreach’
     All declared Imports should be used.
Flavors: r-devel-linux-x86_64-fedora-clang, r-devel-linux-x86_64-fedora-gcc, r-release-osx-x86_64, r-oldrel-osx-x86_64